{"id":10002,"date":"2025-06-27T23:00:44","date_gmt":"2025-06-27T21:00:44","guid":{"rendered":"https:\/\/vivace-freiburg.org\/events\/ix-tag-des-italienischen-designs-in-der-welt\/"},"modified":"2025-06-27T23:00:44","modified_gmt":"2025-06-27T21:00:44","slug":"ix-tag-des-italienischen-designs-in-der-welt","status":"publish","type":"mep_events","link":"https:\/\/vivace-freiburg.org\/de\/events\/ix-tag-des-italienischen-designs-in-der-welt\/","title":{"rendered":"IX TAG DES ITALIENISCHEN DESIGNS IN DER WELT"},"content":{"rendered":"<p>DESIGN FOR A BETTER LIFE Italienisches Konsulat in Freiburg @italy_infreiburg Italienisches Konsulat in Freiburg friburgo.segreteria2@esteri.it Um auf dem Laufenden zu bleiben, folgen Sie uns in unseren sozialen Netzwerken! 3. Juli, 18:30 Uhr Vitra Museum, Weil am Rhein<br \/>\nAnl\u00e4sslich des 9. Tages des italienischen Designs in der Welt hat das italienische Konsulat in Freiburg eine au\u00dfergew\u00f6hnliche Veranstaltung im renommierten Vitra Design Museum in Weil am Rhein organisiert. Die von MAECI, MiC und Salone del Mobile di Milano in Zusammenarbeit mit dem Verband f\u00fcr Industriedesign (ADI) gef\u00f6rderte Initiative konzentriert sich auf den Wert von Design als Werkzeug f\u00fcr ein besseres Leben, das in der Lage ist, Ungleichheiten zu verringern, Unterschiede zu verst\u00e4rken und den Zugang zu individuellem und kollektivem Wohlbefinden zu verbessern. W\u00e4hrend des Treffens wird ADI-Botschafterin Antonella Andriani zusammen mit den Designern Francesco Faccin und Axel Iberti die Rolle des Designs bei der Bek\u00e4mpfung von Ungleichheiten beleuchten, indem sie Praktiken, Gedanken und Projekte vorstellen, die eine Antwort auf die dringendsten sozialen Herausforderungen geben k\u00f6nnen. Im Anschluss findet eine \u00f6ffentliche Diskussion und ein geselliger Moment statt.    <\/p>\n","protected":false},"excerpt":{"rendered":"<p>DESIGN FOR A BETTER LIFE Italienisches Konsulat in Freiburg @italy_infreiburg Italienisches Konsulat in Freiburg friburgo.segreteria2@esteri.it Um auf dem Laufenden zu bleiben, folgen Sie uns in unseren sozialen Netzwerken! 3. Juli, 18:30 Uhr Vitra Museum, Weil am Rhein Anl\u00e4sslich des 9. Tages des italienischen Designs in der Welt hat das italienische Konsulat in Freiburg eine au\u00dfergew\u00f6hnliche [&hellip;]<\/p>\n","protected":false},"author":12,"featured_media":9997,"template":"","meta":{"_acf_changed":false,"ngg_post_thumbnail":0},"product_cat":[74],"mep_cat":[142],"mep_org":[210],"mep_tag":[],"class_list":["post-10002","mep_events","type-mep_events","status-publish","has-post-thumbnail","hentry","product_cat-kulturveranstaltung","mep_cat-kulturveranstaltung","mep_org-partner-de"],"acf":[],"event_informations":{"_list_column":[""],"event_list":["a:0:{}"],"related_section_label":[""],"mep_related_event_status":["off"],"mep_event_show_attendee_list":["off"],"mep_event_attendee_edit_frontend":["off"],"mep_disable_term_condition":["no"],"_tax_status":["none"],"link_wc_product":["10003"],"check_if_run_once":["1"],"_sku":[""],"_sold_individually":["no"],"_tax_class":[""],"_virtual":["yes"],"_price":["0"],"_wpml_media_duplicate":["1"],"_wpml_media_featured":["1"],"_top_nav_excluded":[""],"_cms_nav_minihome":[""],"_wp_page_template":["default"],"mep_event_date_format":["benutzerdefinierte"],"mep_event_time_format":["H:i"],"mep_event_custom_date_format":["j F Y"],"mep_custom_event_time_format":["g:i a"],"mep_time_zone_display":["keine"],"mep_show_end_datetime":["ja"],"mep_rich_text_status":["enable"],"mep_available_seat":["aus"],"mep_reg_status":["auf"],"mep_show_advance_col_status":["aus"],"mep_enable_custom_dt_format":["aus"],"mep_rt_event_status":["EventRescheduled"],"mep_rt_event_attandence_mode":["OfflineEventAttendanceMode"],"mep_event_template":["standard-theme.php"],"event_start_date":["2025-07-03"],"event_start_time":["18:30"],"event_end_date":["2025-07-03"],"event_end_time":["18:30"],"event_start_datetime":["2025-07-03 18:30:00"],"event_end_datetime":["2025-07-03 18:30:00"],"event_expire_datetime":["2025-07-03 18:30:00"],"mep_location_venue":["Vitra Museum"],"mep_street":["charles eames str 2"],"mep_city":["Weil am rhein"],"mep_state":["Deutschland"],"mep_postcode":["79576"],"mep_country":["Deutschland"],"mep_sgm":["1"],"mep_member_only_user_role":["a:1:{i:0;s:4:\"alle\";}"],"mep_member_only_event":["f\u00fcr_alle"],"mep_event_type":["offline"],"jupiterx_header":["1"],"jupiterx_header_overlap":["global"],"jupiterx_header_type":["global"],"jupiterx_header_behavior":["global"],"jupiterx_layout":["global"],"jupiterx_content_full_width":["0"],"jupiterx_sidebar_primary":["global"],"jupiterx_sidebar_secondary":["global"],"jupiterx_post_featured_image":["global"],"jupiterx_post_comments":["global"],"jupiterx_main_background_color":[""],"jupiterx_main_background_image":[""],"jupiterx_main_background_position":[""],"jupiterx_main_background_repeat":[""],"jupiterx_main_background_attachment":[""],"jupiterx_main_background_size":[""],"jupiterx_main_background":[""],"jupiterx_main_spacing_padding_top":[""],"jupiterx_main_spacing_padding_right":[""],"jupiterx_main_spacing_padding_bottom":[""],"jupiterx_main_spacing_padding_left":[""],"jupiterx_main_spacing_margin_top":[""],"jupiterx_main_spacing_margin_right":[""],"jupiterx_main_spacing_margin_bottom":[""],"jupiterx_main_spacing_margin_left":[""],"jupiterx_main_spacing":[""],"jupiterx_title_bar_title":["global"],"jupiterx_title_bar_breadcrumb":["global"],"jupiterx_footer_type":["global"],"jupiterx_footer_widget_area":["global"],"jupiterx_footer_sub":["global"],"jupiterx_footer_behavior":["global"],"jupiterx_post_meta":["global"],"jupiterx_post_tags":["global"],"jupiterx_post_social_share":["global"],"jupiterx_post_author_box":["global"],"jupiterx_post_related_posts":["global"],"_thumbnail_id":["9997"],"_wpml_word_count":["218"],"_eael_post_view_count":["247"],"event_upcoming_datetime":["2025-07-03 18:30:00"],"mep_total_seat_left":["0"],"10002_202507031830":["0"],"_elementor_page_assets":["a:0:{}"],"event_feature_image":"https:\/\/vivace-freiburg.org\/wp-content\/uploads\/Locandina-Vitra-EG-DEFINITIVA.jpg"},"_links":{"self":[{"href":"https:\/\/vivace-freiburg.org\/de\/wp-json\/wp\/v2\/mep_events\/10002","targetHints":{"allow":["GET"]}}],"collection":[{"href":"https:\/\/vivace-freiburg.org\/de\/wp-json\/wp\/v2\/mep_events"}],"about":[{"href":"https:\/\/vivace-freiburg.org\/de\/wp-json\/wp\/v2\/types\/mep_events"}],"author":[{"embeddable":true,"href":"https:\/\/vivace-freiburg.org\/de\/wp-json\/wp\/v2\/users\/12"}],"version-history":[{"count":0,"href":"https:\/\/vivace-freiburg.org\/de\/wp-json\/wp\/v2\/mep_events\/10002\/revisions"}],"wp:featuredmedia":[{"embeddable":true,"href":"https:\/\/vivace-freiburg.org\/de\/wp-json\/wp\/v2\/media\/9997"}],"wp:attachment":[{"href":"https:\/\/vivace-freiburg.org\/de\/wp-json\/wp\/v2\/media?parent=10002"}],"wp:term":[{"taxonomy":"product_cat","embeddable":true,"href":"https:\/\/vivace-freiburg.org\/de\/wp-json\/wp\/v2\/product_cat?post=10002"},{"taxonomy":"mep_cat","embeddable":true,"href":"https:\/\/vivace-freiburg.org\/de\/wp-json\/wp\/v2\/mep_cat?post=10002"},{"taxonomy":"mep_org","embeddable":true,"href":"https:\/\/vivace-freiburg.org\/de\/wp-json\/wp\/v2\/mep_org?post=10002"},{"taxonomy":"mep_tag","embeddable":true,"href":"https:\/\/vivace-freiburg.org\/de\/wp-json\/wp\/v2\/mep_tag?post=10002"}],"curies":[{"name":"wp","href":"https:\/\/api.w.org\/{rel}","templated":true}]}}

<p>DESIGN FOR A BETTER LIFE Italienisches Konsulat in Freiburg @italy_infreiburg Italienisches Konsulat in Freiburg friburgo.segreteria2@esteri.it Um auf dem Laufenden zu bleiben, folgen Sie uns in unseren sozialen Netzwerken! 3. Juli, 18:30 Uhr Vitra Museum, Weil am Rhein<br />
Anlässlich des 9. Tages des italienischen Designs in der Welt hat das italienische Konsulat in Freiburg eine außergewöhnliche Veranstaltung im renommierten Vitra Design Museum in Weil am Rhein organisiert. Die von MAECI, MiC und Salone del Mobile di Milano in Zusammenarbeit mit dem Verband für Industriedesign (ADI) geförderte Initiative konzentriert sich auf den Wert von Design als Werkzeug für ein besseres Leben, das in der Lage ist, Ungleichheiten zu verringern, Unterschiede zu verstärken und den Zugang zu individuellem und kollektivem Wohlbefinden zu verbessern. Während des Treffens wird ADI-Botschafterin Antonella Andriani zusammen mit den Designern Francesco Faccin und Axel Iberti die Rolle des Designs bei der Bekämpfung von Ungleichheiten beleuchten, indem sie Praktiken, Gedanken und Projekte vorstellen, die eine Antwort auf die dringendsten sozialen Herausforderungen geben können. Im Anschluss findet eine öffentliche Diskussion und ein geselliger Moment statt.    </p>

<p>DESIGN FOR A BETTER LIFE Italienisches Konsulat in Freiburg @italy_infreiburg Italienisches Konsulat in Freiburg friburgo.segreteria2@esteri.it Um auf dem Laufenden zu bleiben, folgen Sie uns in unseren sozialen Netzwerken! 3. Juli, 18:30 Uhr Vitra Museum, Weil am Rhein Anlässlich des 9. Tages des italienischen Designs in der Welt hat das italienische Konsulat in Freiburg eine außergewöhnliche [&hellip;]</p>

für_alle
