{"id":10472,"date":"2025-09-14T15:33:24","date_gmt":"2025-09-14T13:33:24","guid":{"rendered":"https:\/\/vivace-freiburg.org\/events\/workshop-mit-claudio-mellana\/"},"modified":"2025-09-14T15:33:24","modified_gmt":"2025-09-14T13:33:24","slug":"workshop-mit-claudio-mellana","status":"publish","type":"mep_events","link":"https:\/\/vivace-freiburg.org\/de\/events\/workshop-mit-claudio-mellana\/","title":{"rendered":"Workshop mit Claudio Mellana"},"content":{"rendered":"<p>Humor verbindet die Menschen<\/p>\n<p>Ein L\u00e4cheln in schwierigen Zeiten<\/p>\n<p>Ein Nachmittag, der f\u00fcr alle offen ist: f\u00fcr diejenigen, die gerne zeichnen &#8211; sowohl Amateure als auch Profis &#8211; und die unter der Anleitung des italienischen Karikaturisten und Humoristen Claudio Mellana die Elemente und Strategien des Humors, der Satire und der Unterhaltung entdecken m\u00f6chten.<br \/>\nAber auch f\u00fcr diejenigen, die einfach nur ein paar Stunden in Gesellschaft verbringen m\u00f6chten, um Kreativit\u00e4t und Lachen in einer komplexen Zeit f\u00fcr alle zu teilen.<\/p>\n<p>\ud83d\udcc5 Sonntag, 12. Oktober 2025<br \/>\n\ud83d\udccd Vivace &#8211; Wallstra\u00dfe 15, Freiburg &#8211; 1. Stock<br \/>\n\ud83d\udd5d Beginn um 14:30<\/p>\n<p>Kostenlose Teilnahme &#8211; Die Anmeldung, der Eintritt und der Workshop sind v\u00f6llig kostenlos.<br \/>\n\ud83d\udce7 Best\u00e4tigen Sie Ihre Teilnahme per E-Mail an: cultura@comites-freiburg.de<\/p>\n<p>Sie erhalten per E-Mail detaillierte Informationen zum Thema, zum Veranstaltungsprogramm und zu den \u00dcberraschungen f\u00fcr die Teilnehmer.<\/p>\n<p>\ud83d\udcf2 Sie k\u00f6nnen auch auf alle Details zugreifen, indem Sie den QR-Code unten scannen.<\/p>\n<p>Wer ist Claudio Mellana<\/p>\n<p>Claudio Mellana ist ein italienischer Humorist, der seit den sp\u00e4ten 1960er Jahren aktiv ist, zun\u00e4chst mit Ver\u00f6ffentlichungen in Untergrund- und politischen Zeitschriften. Nachdem er sich an der Gegeninformationsbewegung beteiligt hatte, wurden seine Zeichnungen in gro\u00dfen italienischen Zeitungen und Zeitschriften ver\u00f6ffentlicht.<br \/>\nSeit den 1970er Jahren widmet er sich der politischen Satire und hat Hunderte von Cartoons und Plakaten produziert. Neben der Satire pflegt er auch eine Leidenschaft f\u00fcr wortlosen Humor und das Studium der humoristischen, satirischen und karikaturistischen Zeichnung. Er hat mehr als 3.500 Karikaturen ver\u00f6ffentlicht.   <\/p>\n","protected":false},"excerpt":{"rendered":"<p>Humor verbindet die Menschen Ein L\u00e4cheln in schwierigen Zeiten Ein Nachmittag, der f\u00fcr alle offen ist: f\u00fcr diejenigen, die gerne zeichnen &#8211; sowohl Amateure als auch Profis &#8211; und die unter der Anleitung des italienischen Karikaturisten und Humoristen Claudio Mellana die Elemente und Strategien des Humors, der Satire und der Unterhaltung entdecken m\u00f6chten. Aber auch [&hellip;]<\/p>\n","protected":false},"author":12,"featured_media":10467,"template":"","meta":{"_acf_changed":false,"ngg_post_thumbnail":0},"product_cat":[74,215],"mep_cat":[142,217],"mep_org":[210,163],"mep_tag":[],"class_list":["post-10472","mep_events","type-mep_events","status-publish","has-post-thumbnail","hentry","product_cat-kulturveranstaltung","product_cat-kunstwerkstatt","mep_cat-kulturveranstaltung","mep_cat-kunstwerkstatt","mep_org-partner-de","mep_org-vivace-freiburg"],"acf":[],"event_informations":{"mep_event_show_attendee_list":["off"],"mep_event_attendee_edit_frontend":["off"],"mep_disable_term_condition":["no"],"_tax_status":["none"],"link_wc_product":["10473"],"check_if_run_once":["1"],"_sku":[""],"_sold_individually":["no"],"_tax_class":[""],"_virtual":["yes"],"_price":["0"],"_wpml_media_duplicate":["1"],"_wpml_media_featured":["1"],"_top_nav_excluded":[""],"_cms_nav_minihome":[""],"_wp_page_template":["default"],"mep_event_date_format":["benutzerdefinierte"],"mep_event_time_format":["H:i"],"mep_event_custom_date_format":["j F Y"],"mep_custom_event_time_format":["g:i a"],"mep_time_zone_display":["keine"],"mep_show_end_datetime":["ja"],"mep_rich_text_status":["enable"],"mep_available_seat":["aus"],"mep_reg_status":["auf"],"mep_show_advance_col_status":["aus"],"mep_enable_custom_dt_format":["aus"],"mep_rt_event_status":["EventRescheduled"],"mep_rt_event_attandence_mode":["OfflineEventAttendanceMode"],"mep_event_template":["standard-theme.php"],"event_start_date":["2025-10-12"],"event_start_time":["14:30"],"event_end_date":["2025-10-12"],"event_end_time":["16:30"],"event_start_datetime":["2025-10-12 14:30:00"],"event_end_datetime":["2025-10-12 16:30:00"],"event_expire_datetime":["2025-10-12 16:30:00"],"mep_location_venue":["lebendiges freiburg"],"mep_street":["Wallstra\u00dfe 15"],"mep_city":["Freiburg im Breisgau"],"mep_state":["Deutschland"],"mep_postcode":["79098"],"mep_country":["Deutschland"],"mep_sgm":["1"],"mep_member_only_user_role":["a:1:{i:0;s:4:\"alle\";}"],"mep_member_only_event":["f\u00fcr_alle"],"mep_event_type":["offline"],"jupiterx_header":["1"],"jupiterx_header_overlap":["global"],"jupiterx_header_type":["global"],"jupiterx_header_behavior":["global"],"jupiterx_layout":["global"],"jupiterx_content_full_width":["0"],"jupiterx_sidebar_primary":["global"],"jupiterx_sidebar_secondary":["global"],"jupiterx_post_featured_image":["global"],"jupiterx_post_comments":["global"],"jupiterx_main_background_color":[""],"jupiterx_main_background_image":[""],"jupiterx_main_background_position":[""],"jupiterx_main_background_repeat":[""],"jupiterx_main_background_attachment":[""],"jupiterx_main_background_size":[""],"jupiterx_main_background":[""],"jupiterx_main_spacing_padding_top":[""],"jupiterx_main_spacing_padding_right":[""],"jupiterx_main_spacing_padding_bottom":[""],"jupiterx_main_spacing_padding_left":[""],"jupiterx_main_spacing_margin_top":[""],"jupiterx_main_spacing_margin_right":[""],"jupiterx_main_spacing_margin_bottom":[""],"jupiterx_main_spacing_margin_left":[""],"jupiterx_main_spacing":[""],"jupiterx_title_bar_title":["global"],"jupiterx_title_bar_breadcrumb":["global"],"jupiterx_footer_type":["global"],"jupiterx_footer_widget_area":["global"],"jupiterx_footer_sub":["global"],"jupiterx_footer_behavior":["global"],"jupiterx_post_meta":["global"],"jupiterx_post_tags":["global"],"jupiterx_post_social_share":["global"],"jupiterx_post_author_box":["global"],"jupiterx_post_related_posts":["global"],"_thumbnail_id":["10467"],"_last_translation_edit_mode":["translation-editor"],"_wpml_word_count":["288"],"_eael_post_view_count":["238"],"event_upcoming_datetime":["2025-10-12 16:30:00"],"mep_total_seat_left":["0"],"10472_202510121430":["0"],"_elementor_page_assets":["a:0:{}"],"event_feature_image":"https:\/\/vivace-freiburg.org\/wp-content\/uploads\/560ba57ca6694ae0df4116b62e75733e6YYqMVETwITXfyIk-1.jpeg"},"_links":{"self":[{"href":"https:\/\/vivace-freiburg.org\/de\/wp-json\/wp\/v2\/mep_events\/10472","targetHints":{"allow":["GET"]}}],"collection":[{"href":"https:\/\/vivace-freiburg.org\/de\/wp-json\/wp\/v2\/mep_events"}],"about":[{"href":"https:\/\/vivace-freiburg.org\/de\/wp-json\/wp\/v2\/types\/mep_events"}],"author":[{"embeddable":true,"href":"https:\/\/vivace-freiburg.org\/de\/wp-json\/wp\/v2\/users\/12"}],"version-history":[{"count":0,"href":"https:\/\/vivace-freiburg.org\/de\/wp-json\/wp\/v2\/mep_events\/10472\/revisions"}],"wp:featuredmedia":[{"embeddable":true,"href":"https:\/\/vivace-freiburg.org\/de\/wp-json\/wp\/v2\/media\/10467"}],"wp:attachment":[{"href":"https:\/\/vivace-freiburg.org\/de\/wp-json\/wp\/v2\/media?parent=10472"}],"wp:term":[{"taxonomy":"product_cat","embeddable":true,"href":"https:\/\/vivace-freiburg.org\/de\/wp-json\/wp\/v2\/product_cat?post=10472"},{"taxonomy":"mep_cat","embeddable":true,"href":"https:\/\/vivace-freiburg.org\/de\/wp-json\/wp\/v2\/mep_cat?post=10472"},{"taxonomy":"mep_org","embeddable":true,"href":"https:\/\/vivace-freiburg.org\/de\/wp-json\/wp\/v2\/mep_org?post=10472"},{"taxonomy":"mep_tag","embeddable":true,"href":"https:\/\/vivace-freiburg.org\/de\/wp-json\/wp\/v2\/mep_tag?post=10472"}],"curies":[{"name":"wp","href":"https:\/\/api.w.org\/{rel}","templated":true}]}}

<p>Humor verbindet die Menschen</p>
<p>Ein Lächeln in schwierigen Zeiten</p>
<p>Ein Nachmittag, der für alle offen ist: für diejenigen, die gerne zeichnen &#8211; sowohl Amateure als auch Profis &#8211; und die unter der Anleitung des italienischen Karikaturisten und Humoristen Claudio Mellana die Elemente und Strategien des Humors, der Satire und der Unterhaltung entdecken möchten.<br />
Aber auch für diejenigen, die einfach nur ein paar Stunden in Gesellschaft verbringen möchten, um Kreativität und Lachen in einer komplexen Zeit für alle zu teilen.</p>
<p>📅 Sonntag, 12. Oktober 2025<br />
📍 Vivace &#8211; Wallstraße 15, Freiburg &#8211; 1. Stock<br />
🕝 Beginn um 14:30</p>
<p>Kostenlose Teilnahme &#8211; Die Anmeldung, der Eintritt und der Workshop sind völlig kostenlos.<br />
📧 Bestätigen Sie Ihre Teilnahme per E-Mail an: cultura@comites-freiburg.de</p>
<p>Sie erhalten per E-Mail detaillierte Informationen zum Thema, zum Veranstaltungsprogramm und zu den Überraschungen für die Teilnehmer.</p>
<p>📲 Sie können auch auf alle Details zugreifen, indem Sie den QR-Code unten scannen.</p>
<p>Wer ist Claudio Mellana</p>
<p>Claudio Mellana ist ein italienischer Humorist, der seit den späten 1960er Jahren aktiv ist, zunächst mit Veröffentlichungen in Untergrund- und politischen Zeitschriften. Nachdem er sich an der Gegeninformationsbewegung beteiligt hatte, wurden seine Zeichnungen in großen italienischen Zeitungen und Zeitschriften veröffentlicht.<br />
Seit den 1970er Jahren widmet er sich der politischen Satire und hat Hunderte von Cartoons und Plakaten produziert. Neben der Satire pflegt er auch eine Leidenschaft für wortlosen Humor und das Studium der humoristischen, satirischen und karikaturistischen Zeichnung. Er hat mehr als 3.500 Karikaturen veröffentlicht.   </p>

<p>Humor verbindet die Menschen Ein Lächeln in schwierigen Zeiten Ein Nachmittag, der für alle offen ist: für diejenigen, die gerne zeichnen &#8211; sowohl Amateure als auch Profis &#8211; und die unter der Anleitung des italienischen Karikaturisten und Humoristen Claudio Mellana die Elemente und Strategien des Humors, der Satire und der Unterhaltung entdecken möchten. Aber auch [&hellip;]</p>

Wallstraße 15

für_alle
