{"id":10751,"date":"2025-10-30T11:50:36","date_gmt":"2025-10-30T10:50:36","guid":{"rendered":"https:\/\/vivace-freiburg.org\/events\/motze-kobi-und-dodo-und-die-madonna-von-rio-sasso\/"},"modified":"2025-10-30T11:50:36","modified_gmt":"2025-10-30T10:50:36","slug":"motze-kobi-und-dodo-und-die-madonna-von-rio-sasso","status":"publish","type":"mep_events","link":"https:\/\/vivace-freiburg.org\/de\/events\/motze-kobi-und-dodo-und-die-madonna-von-rio-sasso\/","title":{"rendered":"Motze, Kobi und Dodo und die Madonna von Rio Sasso"},"content":{"rendered":"<p>Lesung eines Kinderkrimis von und mit Jochen Ludwig<br \/>\nDie Sommerferien sind nicht gerade die \u00fcblichen, wenn Motze, Kobi und Dodo ihre Zeit mit ihren Eltern an der italienischen Riviera verbringen. Nat\u00fcrlich gehen sie auch schwimmen, aber schon bald werden sie in einen mysteri\u00f6sen Kriminalfall verwickelt. Der Diebstahl einer wertvollen Madonnenstatuette fasziniert sowohl die beiden \u00e4lteren Br\u00fcder als auch ihren Schweizer Freund Bekki so sehr, dass sie das Meer, die Sonne und die Wellen vergessen. Motze, Kobi und Bekki machen sich allein auf die Spur der Diebesbande und geben dem Kommissar schlie\u00dflich den entscheidenden Hinweis. Das Ganze endet mit einem authentischen Abschlussduell, bei dem auch der kleine Dodo eine wichtige Rolle spielt. Eine Kinderdetektivgeschichte, die f\u00fcr die ganze Familie geeignet ist.     <\/p>\n<p>Jochen Ludwig, geboren 1946 in Neu-Isenburg, studierte Kunstgeschichte, Arch\u00e4ologie und Neuere Deutsche Literatur in Frankfurt am Main und Wien. Nach einer Promotion und einem Praktikum an der Staatlichen Kunsthalle in Baden-Baden leitete er von 1985 bis 2011 das Freiburger Museum f\u00fcr Gegenwartskunst. Jochen Ludwig ist verheiratet, hat drei T\u00f6chter und sieben Enkelkinder und lebt seit 2017 in Titisee-Neustadt im Schwarzwald.  <\/p>\n","protected":false},"excerpt":{"rendered":"<p>Lesung eines Kinderkrimis von und mit Jochen Ludwig Die Sommerferien sind nicht gerade die \u00fcblichen, wenn Motze, Kobi und Dodo ihre Zeit mit ihren Eltern an der italienischen Riviera verbringen. Nat\u00fcrlich gehen sie auch schwimmen, aber schon bald werden sie in einen mysteri\u00f6sen Kriminalfall verwickelt. Der Diebstahl einer wertvollen Madonnenstatuette fasziniert sowohl die beiden \u00e4lteren [&hellip;]<\/p>\n","protected":false},"author":12,"featured_media":10746,"template":"","meta":{"_acf_changed":false,"ngg_post_thumbnail":0},"product_cat":[74,153,215],"mep_cat":[157,142,217],"mep_org":[163],"mep_tag":[],"class_list":["post-10751","mep_events","type-mep_events","status-publish","has-post-thumbnail","hentry","product_cat-kulturveranstaltung","product_cat-kinder","product_cat-kunstwerkstatt","mep_cat-kinder","mep_cat-kulturveranstaltung","mep_cat-kunstwerkstatt","mep_org-vivace-freiburg"],"acf":[],"event_informations":{"mep_event_show_attendee_list":["off"],"mep_event_attendee_edit_frontend":["off"],"mep_disable_term_condition":["no"],"_tax_status":["none"],"link_wc_product":["10752"],"check_if_run_once":["1"],"_sku":[""],"_sold_individually":["no"],"_tax_class":[""],"_virtual":["yes"],"_price":["0"],"_wpml_media_duplicate":["1"],"_wpml_media_featured":["1"],"_top_nav_excluded":[""],"_cms_nav_minihome":[""],"_wp_page_template":["default"],"mep_event_date_format":["benutzerdefinierte"],"mep_event_time_format":["H:i"],"mep_event_custom_date_format":["j F Y"],"mep_custom_event_time_format":["g:i a"],"mep_time_zone_display":["keine"],"mep_show_end_datetime":["ja"],"mep_rich_text_status":["enable"],"mep_available_seat":["aus"],"mep_reg_status":["auf"],"mep_show_advance_col_status":["aus"],"mep_enable_custom_dt_format":["aus"],"mep_rt_event_status":["EventRescheduled"],"mep_rt_event_attandence_mode":["OfflineEventAttendanceMode"],"mep_event_template":["standard-theme.php"],"event_start_date":["2025-11-08"],"event_start_time":["16:00"],"event_end_date":["2025-11-08"],"event_end_time":["17:30"],"event_start_datetime":["2025-11-08 16:00:00"],"event_end_datetime":["2025-11-08 17:30:00"],"event_expire_datetime":["2025-11-08 17:30:00"],"longitude":["7.854195600000001"],"latitude":["47.991904"],"mep_location_venue":["livelyfreiburg"],"mep_street":["Wallstra\u00dfe 15"],"mep_city":["Freiburg im Breisgau"],"mep_state":["Deutschland"],"mep_postcode":["79098"],"mep_country":["Deutschland"],"mep_sgm":["1"],"mep_member_only_user_role":["a:1:{i:0;s:4:\"alle\";}"],"mep_member_only_event":["f\u00fcr_alle"],"mep_event_type":["offline"],"jupiterx_header":["1"],"jupiterx_header_overlap":["global"],"jupiterx_header_type":["global"],"jupiterx_header_behavior":["global"],"jupiterx_layout":["global"],"jupiterx_content_full_width":["0"],"jupiterx_sidebar_primary":["global"],"jupiterx_sidebar_secondary":["global"],"jupiterx_post_featured_image":["global"],"jupiterx_post_comments":["global"],"jupiterx_main_background_color":[""],"jupiterx_main_background_image":[""],"jupiterx_main_background_position":[""],"jupiterx_main_background_repeat":[""],"jupiterx_main_background_attachment":[""],"jupiterx_main_background_size":[""],"jupiterx_main_background":[""],"jupiterx_main_spacing_padding_top":[""],"jupiterx_main_spacing_padding_right":[""],"jupiterx_main_spacing_padding_bottom":[""],"jupiterx_main_spacing_padding_left":[""],"jupiterx_main_spacing_margin_top":[""],"jupiterx_main_spacing_margin_right":[""],"jupiterx_main_spacing_margin_bottom":[""],"jupiterx_main_spacing_margin_left":[""],"jupiterx_main_spacing":[""],"jupiterx_title_bar_title":["global"],"jupiterx_title_bar_breadcrumb":["global"],"jupiterx_footer_type":["global"],"jupiterx_footer_widget_area":["global"],"jupiterx_footer_sub":["global"],"jupiterx_footer_behavior":["global"],"jupiterx_post_meta":["global"],"jupiterx_post_tags":["global"],"jupiterx_post_social_share":["global"],"jupiterx_post_author_box":["global"],"jupiterx_post_related_posts":["global"],"_thumbnail_id":["10746"],"_last_translation_edit_mode":["translation-editor"],"_wpml_word_count":["220"],"_eael_post_view_count":["116"],"event_upcoming_datetime":["2025-11-08 17:30:00"],"mep_total_seat_left":["0"],"10751_202511081600":["0"],"_elementor_page_assets":["a:0:{}"],"event_feature_image":"https:\/\/vivace-freiburg.org\/wp-content\/uploads\/1-dante.jpg"},"_links":{"self":[{"href":"https:\/\/vivace-freiburg.org\/de\/wp-json\/wp\/v2\/mep_events\/10751","targetHints":{"allow":["GET"]}}],"collection":[{"href":"https:\/\/vivace-freiburg.org\/de\/wp-json\/wp\/v2\/mep_events"}],"about":[{"href":"https:\/\/vivace-freiburg.org\/de\/wp-json\/wp\/v2\/types\/mep_events"}],"author":[{"embeddable":true,"href":"https:\/\/vivace-freiburg.org\/de\/wp-json\/wp\/v2\/users\/12"}],"version-history":[{"count":0,"href":"https:\/\/vivace-freiburg.org\/de\/wp-json\/wp\/v2\/mep_events\/10751\/revisions"}],"wp:featuredmedia":[{"embeddable":true,"href":"https:\/\/vivace-freiburg.org\/de\/wp-json\/wp\/v2\/media\/10746"}],"wp:attachment":[{"href":"https:\/\/vivace-freiburg.org\/de\/wp-json\/wp\/v2\/media?parent=10751"}],"wp:term":[{"taxonomy":"product_cat","embeddable":true,"href":"https:\/\/vivace-freiburg.org\/de\/wp-json\/wp\/v2\/product_cat?post=10751"},{"taxonomy":"mep_cat","embeddable":true,"href":"https:\/\/vivace-freiburg.org\/de\/wp-json\/wp\/v2\/mep_cat?post=10751"},{"taxonomy":"mep_org","embeddable":true,"href":"https:\/\/vivace-freiburg.org\/de\/wp-json\/wp\/v2\/mep_org?post=10751"},{"taxonomy":"mep_tag","embeddable":true,"href":"https:\/\/vivace-freiburg.org\/de\/wp-json\/wp\/v2\/mep_tag?post=10751"}],"curies":[{"name":"wp","href":"https:\/\/api.w.org\/{rel}","templated":true}]}}

<p>Lesung eines Kinderkrimis von und mit Jochen Ludwig<br />
Die Sommerferien sind nicht gerade die üblichen, wenn Motze, Kobi und Dodo ihre Zeit mit ihren Eltern an der italienischen Riviera verbringen. Natürlich gehen sie auch schwimmen, aber schon bald werden sie in einen mysteriösen Kriminalfall verwickelt. Der Diebstahl einer wertvollen Madonnenstatuette fasziniert sowohl die beiden älteren Brüder als auch ihren Schweizer Freund Bekki so sehr, dass sie das Meer, die Sonne und die Wellen vergessen. Motze, Kobi und Bekki machen sich allein auf die Spur der Diebesbande und geben dem Kommissar schließlich den entscheidenden Hinweis. Das Ganze endet mit einem authentischen Abschlussduell, bei dem auch der kleine Dodo eine wichtige Rolle spielt. Eine Kinderdetektivgeschichte, die für die ganze Familie geeignet ist.     </p>
<p>Jochen Ludwig, geboren 1946 in Neu-Isenburg, studierte Kunstgeschichte, Archäologie und Neuere Deutsche Literatur in Frankfurt am Main und Wien. Nach einer Promotion und einem Praktikum an der Staatlichen Kunsthalle in Baden-Baden leitete er von 1985 bis 2011 das Freiburger Museum für Gegenwartskunst. Jochen Ludwig ist verheiratet, hat drei Töchter und sieben Enkelkinder und lebt seit 2017 in Titisee-Neustadt im Schwarzwald.  </p>

<p>Lesung eines Kinderkrimis von und mit Jochen Ludwig Die Sommerferien sind nicht gerade die üblichen, wenn Motze, Kobi und Dodo ihre Zeit mit ihren Eltern an der italienischen Riviera verbringen. Natürlich gehen sie auch schwimmen, aber schon bald werden sie in einen mysteriösen Kriminalfall verwickelt. Der Diebstahl einer wertvollen Madonnenstatuette fasziniert sowohl die beiden älteren [&hellip;]</p>

Wallstraße 15

für_alle
