{"id":10968,"date":"2025-11-18T14:46:20","date_gmt":"2025-11-18T13:46:20","guid":{"rendered":"https:\/\/vivace-freiburg.org\/events\/deutsch-italienisches-weihnachtskonzert\/"},"modified":"2025-12-05T11:31:42","modified_gmt":"2025-12-05T10:31:42","slug":"deutsch-italienisches-weihnachtskonzert","status":"publish","type":"mep_events","link":"https:\/\/vivace-freiburg.org\/de\/events\/deutsch-italienisches-weihnachtskonzert\/","title":{"rendered":"Deutsch-Italienisches Weihnachtskonzert"},"content":{"rendered":"<div class=\"elementor-element elementor-element-1ce959ea e-flex e-con-boxed e-con e-parent e-lazyloaded\" data-id=\"1ce959ea\" data-element_type=\"container\" data-settings=\"{\">\n<div class=\"e-con-inner\">\n<div class=\"elementor-element elementor-element-7229a01f elementor-widget elementor-widget-text-editor\" data-id=\"7229a01f\" data-element_type=\"widget\" data-widget_type=\"text-editor.default\">\n<p><strong>Gemeinsames Weihnachtskonzert von Vivace Freiburg und der Dante Alighieri Gesellschaft Freiburg&nbsp;<br \/>\n<\/strong><\/p>\n<p>Unter der Leitung von Prof. Jaime Gonz\u00e1lez (Oboe) wird ein Kammerorchester (Trompete, Oboe, Streicher, Klavier) mit Musikern des Freiburger Musiktheaters und einem Solisten klassische und weihnachtliche Musik auff\u00fchren. Der Deutsch-Italienische Chor Freiburg, der CantAmerica-Chor und der Vivace-Kinderchor werden festliche und fr\u00f6hliche St\u00fccke aus ihrem Repertoire beisteuern. In den Wochen vor dem Konzert wird Vivace weihnachtliche Dekorationen anfertigen, um den Konzertsaal festlich zu gestalten. Catering mit Sekt und Fingerfood.<\/p>\n<p><strong>F\u00fcr einen garantierten Platz im reservierten Bereich ist eine Voranmeldung erforderlich. Preise an der Abendkasse mit Aufschlag. <\/strong><\/p>\n<p>PARKEN<strong>:<\/strong><br \/>\nSie k\u00f6nnen kostenlos auf dem Lehrerparkplatz oder entlang der Schulstra\u00dfe parken.<\/p>\n<p><b>EINTRITT:<br \/>\n<\/b>zum Festspielhaus vom Hartkirchweg aus<\/p>\n<p><strong>\u00d6ffentliche Verkehrsmittel:<\/strong><\/p>\n<p>Stadtbahn, Linie 3 bis zur Haltestelle Munzinger Stra\u00dfe,<br \/>\ndann Bus, Linie 11 bis zur Haltestelle Cardinalweg<br \/>\noder<br \/>\nBus, Linie 14 bis zur Haltestelle St. Georgen Schiff oder<br \/>\nBasler Landstra\u00dfe \/ Blumenstra\u00dfe<\/p>\n<\/div>\n<\/div>\n<\/div>\n","protected":false},"excerpt":{"rendered":"<p>Gemeinsames Weihnachtskonzert von Vivace Freiburg und der Dante Alighieri Gesellschaft Freiburg&nbsp; Unter der Leitung von Prof. Jaime Gonz\u00e1lez (Oboe) wird ein Kammerorchester (Trompete, Oboe, Streicher, Klavier) mit Musikern des Freiburger Musiktheaters und einem Solisten klassische und weihnachtliche Musik auff\u00fchren. Der Deutsch-Italienische Chor Freiburg, der CantAmerica-Chor und der Vivace-Kinderchor werden festliche und fr\u00f6hliche St\u00fccke aus ihrem [&hellip;]<\/p>\n","protected":false},"author":12,"featured_media":10962,"template":"","meta":{"_acf_changed":false,"ngg_post_thumbnail":0},"product_cat":[74,140],"mep_cat":[146,142],"mep_org":[162,163],"mep_tag":[],"class_list":["post-10968","mep_events","type-mep_events","status-publish","has-post-thumbnail","hentry","product_cat-kulturveranstaltung","product_cat-konzert","mep_cat-konzert","mep_cat-kulturveranstaltung","mep_org-dante-alighieri-gesellschaft-freiburg","mep_org-vivace-freiburg"],"acf":[],"event_informations":{"mep_event_show_attendee_list":["off"],"mep_event_attendee_edit_frontend":["off"],"mep_disable_term_condition":["no"],"_tax_status":["none"],"link_wc_product":["10975"],"check_if_run_once":["1"],"_sku":[""],"_sold_individually":["no"],"_tax_class":[""],"_virtual":["yes"],"_price":["0"],"_wpml_media_duplicate":["1"],"_wpml_media_featured":["1"],"_top_nav_excluded":[""],"_cms_nav_minihome":[""],"_wp_page_template":["default"],"location_name":[""],"jupiterx_header":["1"],"jupiterx_header_overlap":["global"],"jupiterx_header_type":["global"],"jupiterx_header_behavior":["global"],"jupiterx_layout":["global"],"jupiterx_content_full_width":["0"],"jupiterx_sidebar_primary":["global"],"jupiterx_sidebar_secondary":["global"],"jupiterx_post_featured_image":["global"],"jupiterx_post_comments":["global"],"jupiterx_main_background_color":[""],"jupiterx_main_background_image":[""],"jupiterx_main_background_position":[""],"jupiterx_main_background_repeat":[""],"jupiterx_main_background_attachment":[""],"jupiterx_main_background_size":[""],"jupiterx_main_background":[""],"jupiterx_main_spacing_padding_top":[""],"jupiterx_main_spacing_padding_right":[""],"jupiterx_main_spacing_padding_bottom":[""],"jupiterx_main_spacing_padding_left":[""],"jupiterx_main_spacing_margin_top":[""],"jupiterx_main_spacing_margin_right":[""],"jupiterx_main_spacing_margin_bottom":[""],"jupiterx_main_spacing_margin_left":[""],"jupiterx_main_spacing":[""],"jupiterx_title_bar_title":["global"],"jupiterx_title_bar_breadcrumb":["global"],"jupiterx_footer_type":["global"],"jupiterx_footer_widget_area":["global"],"jupiterx_footer_sub":["global"],"jupiterx_footer_behavior":["global"],"jupiterx_post_meta":["global"],"jupiterx_post_tags":["global"],"jupiterx_post_social_share":["global"],"jupiterx_post_author_box":["global"],"jupiterx_post_related_posts":["global"],"_thumbnail_id":["10962"],"_last_translation_edit_mode":["native-editor"],"_wpml_word_count":["207"],"_edit_lock":["1764930703:1"],"10968_202512061800":["23"],"_eael_post_view_count":["532"],"_edit_last":["1"],"_jupiterx_header":["field_jupiterx_post_header"],"_jupiterx_header_overlap":["field_jupiterx_post_header_overlap"],"_jupiterx_header_type":["field_jupiterx_post_header_type"],"_jupiterx_header_behavior":["field_jupiterx_post_header_behavior"],"_jupiterx_layout":["field_jupiterx_post_main_layout"],"_jupiterx_content_full_width":["field_jupiterx_post_main_full_width"],"_jupiterx_sidebar_primary":["field_jupiterx_post_main_sidebar_primary"],"_jupiterx_sidebar_secondary":["field_jupiterx_post_main_sidebar_secondary"],"_jupiterx_post_featured_image":["field_jupiterx_post_main_featured_image"],"_jupiterx_post_meta":["field_jupiterx_post_main_meta"],"_jupiterx_post_tags":["field_jupiterx_post_main_tags"],"_jupiterx_post_social_share":["field_jupiterx_post_main_social_share"],"_jupiterx_post_author_box":["field_jupiterx_post_main_author_box"],"_jupiterx_post_related_posts":["field_jupiterx_post_main_related_posts"],"_jupiterx_post_comments":["field_jupiterx_post_main_comments"],"_jupiterx_main_background_color":["color"],"_jupiterx_main_background_image":["image"],"_jupiterx_main_background_position":["position"],"_jupiterx_main_background_repeat":["repeat"],"_jupiterx_main_background_attachment":["attachment"],"_jupiterx_main_background_size":["size"],"_jupiterx_main_background":["field_jupiterx_post_main_background"],"_jupiterx_main_spacing_padding_top":["padding_top"],"_jupiterx_main_spacing_padding_right":["padding_right"],"_jupiterx_main_spacing_padding_bottom":["padding_bottom"],"_jupiterx_main_spacing_padding_left":["padding_left"],"_jupiterx_main_spacing_margin_top":["margin_top"],"_jupiterx_main_spacing_margin_right":["margin_right"],"_jupiterx_main_spacing_margin_bottom":["margin_bottom"],"_jupiterx_main_spacing_margin_left":["margin_left"],"_jupiterx_main_spacing":["field_jupiterx_post_main_spacing"],"_jupiterx_title_bar_title":["field_jupiterx_post_title_bar_title"],"_jupiterx_title_bar_breadcrumb":["field_jupiterx_post_title_bar_breadcrumb"],"jupiterx_title_bar_subtitle":[""],"_jupiterx_title_bar_subtitle":["field_jupiterx_post_title_bar_subtitle"],"jupiterx_footer":["1"],"_jupiterx_footer":["field_jupiterx_post_footer"],"_jupiterx_footer_type":["field_jupiterx_post_footer_type"],"_jupiterx_footer_widget_area":["field_jupiterx_post_footer_widget_area"],"_jupiterx_footer_sub":["field_jupiterx_post_footer_sub"],"_jupiterx_footer_behavior":["field_jupiterx_post_footer_behavior"],"mep_org_address":["0"],"mep_state":[""],"mep_postcode":[""],"mep_country":[""],"mep_reg_email":[""],"mep_reg_phone":[""],"mep_reg_address":[""],"mep_reg_designation":[""],"mep_reg_website":[""],"mep_reg_veg":[""],"mep_reg_company":[""],"mep_reg_gender":[""],"mep_reg_tshirtsize":[""],"mep_reg_tshirtsize_list":[""],"_stock_msg":["new"],"_list_column":[""],"event_list":["a:0:{}"],"related_section_label":[""],"mep_related_event_status":["off"],"mep_event_ticket_type":["a:3:{i:0;a:10:{s:13:\"option_name_t\";s:41:\"DANTE\/Vivace Concerto di Natale 2025 FULL\";s:16:\"option_details_t\";s:14:\"Adults regular\";s:14:\"option_price_t\";s:2:\"15\";s:12:\"option_qty_t\";s:1:\"0\";s:12:\"option_rsv_t\";s:1:\"0\";s:20:\"option_default_qty_t\";s:1:\"1\";s:17:\"option_qty_t_type\";s:8:\"inputbox\";s:20:\"option_sale_end_date\";s:10:\"2025-12-06\";s:20:\"option_sale_end_time\";s:5:\"17:00\";s:22:\"option_sale_end_date_t\";s:16:\"2025-12-06 17:00\";}i:1;a:10:{s:13:\"option_name_t\";s:44:\"DANTE\/Vivace Concerto di Natale 2025 REDUCED\";s:16:\"option_details_t\";s:37:\"Students, members of DANTE and Vivace\";s:14:\"option_price_t\";s:2:\"10\";s:12:\"option_qty_t\";s:1:\"0\";s:12:\"option_rsv_t\";s:1:\"0\";s:20:\"option_default_qty_t\";s:1:\"0\";s:17:\"option_qty_t_type\";s:8:\"inputbox\";s:20:\"option_sale_end_date\";s:10:\"2025-12-06\";s:20:\"option_sale_end_time\";s:5:\"17:00\";s:22:\"option_sale_end_date_t\";s:16:\"2025-12-06 17:00\";}i:2;a:10:{s:13:\"option_name_t\";s:41:\"DANTE\/Vivace Concerto di Natale 2025 FREE\";s:16:\"option_details_t\";s:47:\"Children up to 10 years, members PLUS of Vivace\";s:14:\"option_price_t\";s:1:\"0\";s:12:\"option_qty_t\";s:1:\"0\";s:12:\"option_rsv_t\";s:3:\"145\";s:20:\"option_default_qty_t\";s:1:\"0\";s:17:\"option_qty_t_type\";s:8:\"inputbox\";s:20:\"option_sale_end_date\";s:10:\"2025-12-06\";s:20:\"option_sale_end_time\";s:5:\"17:00\";s:22:\"option_sale_end_date_t\";s:16:\"2025-12-06 17:00\";}}"],"mep_enable_recurring":["no"],"mep_event_more_date":["a:0:{}"],"mep_buffer_time":["60"],"mep_speaker_title":[""],"mep_event_speaker_icon":[""],"mep_event_speakers_list":[""],"mep_display_slider":["on"],"mep_gallery_images":["a:1:{i:0;s:0:\"\";}"],"mep_list_thumbnail":[""],"_stock":["0"],"mp_event_virtual_type_des":[""],"mep_show_upcoming_event":[""],"mep_event_cc_email_text":[""],"enable_global_qty":["on"],"mep_gq_total_resv_seat":["145"],"mep_gq_total_seat":["400"],"event_date_gq":[""],"event_date_gq_rev":[""],"ex_event_date_gq":[""],"ex_event_date_gq_rev":[""],"ex_enable_global_qty":[""],"ex_mep_gq_total_resv_seat":[""],"ex_mep_gq_total_seat":[""],"mep_fb_send_email_confirmation":[""],"mep_name_label":[""],"mep_email_label":[""],"mep_phone_label":[""],"mep_address_label":[""],"mep_tshirt_label":[""],"mep_desg_label":[""],"mep_website_label":[""],"mep_veg_label":[""],"mep_company_label":[""],"mep_gender_label":[""],"mep_event_reg_form_id":["custom_form"],"mep_form_builder_data":["a:0:{}"],"mep_conditional_form_check":["off"],"mep_conditional_infos":["a:0:{}"],"um_content_restriction":["a:8:{s:26:\"_um_custom_access_settings\";b:0;s:14:\"_um_accessible\";i:0;s:28:\"_um_access_hide_from_queries\";b:0;s:19:\"_um_noaccess_action\";i:0;s:30:\"_um_restrict_by_custom_message\";i:0;s:27:\"_um_restrict_custom_message\";s:0:\"\";s:19:\"_um_access_redirect\";i:0;s:23:\"_um_access_redirect_url\";s:0:\"\";}"],"jupiterx_reading_time":["1 minute"],"DANTE\/Vivace Concerto di Natale 2025 FULL_202512061800":["11"],"DANTE\/Vivace Concerto di Natale 2025 REDUCED_202512061800":["4"],"DANTE\/Vivace Concerto di Natale 2025 FREE_202512061800":["8"],"mep_total_seat_left":["23"],"mep_event_date_format":["F j, Y"],"mep_event_time_format":["H:i"],"mep_event_custom_date_format":["j F Y"],"mep_custom_event_time_format":["g:i a"],"mep_time_zone_display":["yes"],"mep_show_end_datetime":["yes"],"mep_rich_text_status":["enable"],"mep_available_seat":["on"],"mep_reg_status":["on"],"mep_show_advance_col_status":["on"],"mep_enable_custom_dt_format":["off"],"mep_rt_event_status":["EventRescheduled"],"mep_rt_event_attandence_mode":["OfflineEventAttendanceMode"],"mep_rt_event_prvdate":["2025-12-06 18:00:00"],"mep_full_name":["1"],"mep_event_template":["default-theme.php"],"event_start_date":["2025-12-06"],"event_start_time":["18:00"],"event_end_date":["2025-12-06"],"event_end_time":["20:00"],"event_start_datetime":["2025-12-06 18:00:00"],"event_end_datetime":["2025-12-06 20:00:00"],"event_expire_datetime":["2025-12-06 20:00:00"],"longitude":["7.800271599999999"],"latitude":["47.9805071"],"mep_location_venue":["Festhalle Sch\u00f6nbergschule"],"mep_street":["Schulstra\u00dfe 8"],"mep_city":["Freiburg St Georgen"],"mep_sgm":["1"],"mep_member_only_user_role":["a:1:{i:0;s:3:\"all\";}"],"mep_member_only_event":["for_all"],"mep_event_type":["offline"],"event_upcoming_datetime":["2025-12-06 20:00:00"],"_wpml_media_has_media":["1"],"_elementor_page_assets":["a:0:{}"],"event_feature_image":"https:\/\/vivace-freiburg.org\/wp-content\/uploads\/violin-7594089_1920.jpg"},"_links":{"self":[{"href":"https:\/\/vivace-freiburg.org\/de\/wp-json\/wp\/v2\/mep_events\/10968","targetHints":{"allow":["GET"]}}],"collection":[{"href":"https:\/\/vivace-freiburg.org\/de\/wp-json\/wp\/v2\/mep_events"}],"about":[{"href":"https:\/\/vivace-freiburg.org\/de\/wp-json\/wp\/v2\/types\/mep_events"}],"author":[{"embeddable":true,"href":"https:\/\/vivace-freiburg.org\/de\/wp-json\/wp\/v2\/users\/12"}],"version-history":[{"count":0,"href":"https:\/\/vivace-freiburg.org\/de\/wp-json\/wp\/v2\/mep_events\/10968\/revisions"}],"wp:featuredmedia":[{"embeddable":true,"href":"https:\/\/vivace-freiburg.org\/de\/wp-json\/wp\/v2\/media\/10962"}],"wp:attachment":[{"href":"https:\/\/vivace-freiburg.org\/de\/wp-json\/wp\/v2\/media?parent=10968"}],"wp:term":[{"taxonomy":"product_cat","embeddable":true,"href":"https:\/\/vivace-freiburg.org\/de\/wp-json\/wp\/v2\/product_cat?post=10968"},{"taxonomy":"mep_cat","embeddable":true,"href":"https:\/\/vivace-freiburg.org\/de\/wp-json\/wp\/v2\/mep_cat?post=10968"},{"taxonomy":"mep_org","embeddable":true,"href":"https:\/\/vivace-freiburg.org\/de\/wp-json\/wp\/v2\/mep_org?post=10968"},{"taxonomy":"mep_tag","embeddable":true,"href":"https:\/\/vivace-freiburg.org\/de\/wp-json\/wp\/v2\/mep_tag?post=10968"}],"curies":[{"name":"wp","href":"https:\/\/api.w.org\/{rel}","templated":true}]}}

<div class="elementor-element elementor-element-1ce959ea e-flex e-con-boxed e-con e-parent e-lazyloaded" data-id="1ce959ea" data-element_type="container" data-settings="{">
<div class="e-con-inner">
<div class="elementor-element elementor-element-7229a01f elementor-widget elementor-widget-text-editor" data-id="7229a01f" data-element_type="widget" data-widget_type="text-editor.default">
<p><strong>Gemeinsames Weihnachtskonzert von Vivace Freiburg und der Dante Alighieri Gesellschaft Freiburg&nbsp;<br />
</strong></p>
<p>Unter der Leitung von Prof. Jaime González (Oboe) wird ein Kammerorchester (Trompete, Oboe, Streicher, Klavier) mit Musikern des Freiburger Musiktheaters und einem Solisten klassische und weihnachtliche Musik aufführen. Der Deutsch-Italienische Chor Freiburg, der CantAmerica-Chor und der Vivace-Kinderchor werden festliche und fröhliche Stücke aus ihrem Repertoire beisteuern. In den Wochen vor dem Konzert wird Vivace weihnachtliche Dekorationen anfertigen, um den Konzertsaal festlich zu gestalten. Catering mit Sekt und Fingerfood.</p>
<p><strong>Für einen garantierten Platz im reservierten Bereich ist eine Voranmeldung erforderlich. Preise an der Abendkasse mit Aufschlag. </strong></p>
<p>PARKEN<strong>:</strong><br />
Sie können kostenlos auf dem Lehrerparkplatz oder entlang der Schulstraße parken.</p>
<p><b>EINTRITT:<br />
</b>zum Festspielhaus vom Hartkirchweg aus</p>
<p><strong>Öffentliche Verkehrsmittel:</strong></p>
<p>Stadtbahn, Linie 3 bis zur Haltestelle Munzinger Straße,<br />
dann Bus, Linie 11 bis zur Haltestelle Cardinalweg<br />
oder<br />
Bus, Linie 14 bis zur Haltestelle St. Georgen Schiff oder<br />
Basler Landstraße / Blumenstraße</p>
</div>
</div>
</div>

<p>Gemeinsames Weihnachtskonzert von Vivace Freiburg und der Dante Alighieri Gesellschaft Freiburg&nbsp; Unter der Leitung von Prof. Jaime González (Oboe) wird ein Kammerorchester (Trompete, Oboe, Streicher, Klavier) mit Musikern des Freiburger Musiktheaters und einem Solisten klassische und weihnachtliche Musik aufführen. Der Deutsch-Italienische Chor Freiburg, der CantAmerica-Chor und der Vivace-Kinderchor werden festliche und fröhliche Stücke aus ihrem [&hellip;]</p>

Festhalle Schönbergschule

Schulstraße 8
