{"id":7971,"date":"2025-04-12T15:44:48","date_gmt":"2025-04-12T13:44:48","guid":{"rendered":"https:\/\/vivace-freiburg.org\/events\/kreativ-workshop-fuer-den-muttertag\/"},"modified":"2025-04-12T15:47:00","modified_gmt":"2025-04-12T13:47:00","slug":"kreativ-workshop-fuer-den-muttertag","status":"publish","type":"mep_events","link":"https:\/\/vivace-freiburg.org\/de\/events\/kreativ-workshop-fuer-den-muttertag\/","title":{"rendered":"Kreativ-Workshop f\u00fcr den Muttertag"},"content":{"rendered":"<p>Ein besonderer Moment, in dem die Kinder ihrer Fantasie und ihren Herzen Raum geben k\u00f6nnen! Inmitten von Farben, Kleber und jeder Menge Spa\u00df wird jeder kleine Teilnehmer ein pers\u00f6nliches Geschenk f\u00fcr seine Mutter gestalten: ein einzigartiger Gedanke, mit Liebe und Kreativit\u00e4t gemacht. Eine Gelegenheit, mit viel Spa\u00df zu lernen und gemeinsam einen ganz besonderen Menschen zu feiern!  <\/p>\n<p>Der Workshop wird von Bettina Schwarz geleitet und findet auf Italienisch und Deutsch statt.<\/p>\n<p><img fetchpriority=\"high\" decoding=\"async\" class=\"alignnone size-medium wp-image-7962\" src=\"https:\/\/vivace-freiburg.org\/wp-content\/uploads\/2025\/04\/festa-della-mamma-1-212x300.jpg\" alt=\"\" width=\"212\" height=\"300\" srcset=\"https:\/\/vivace-freiburg.org\/wp-content\/uploads\/2025\/04\/festa-della-mamma-1-212x300.jpg 212w, https:\/\/vivace-freiburg.org\/wp-content\/uploads\/2025\/04\/festa-della-mamma-1-724x1024.jpg 724w, https:\/\/vivace-freiburg.org\/wp-content\/uploads\/2025\/04\/festa-della-mamma-1-768x1086.jpg 768w, https:\/\/vivace-freiburg.org\/wp-content\/uploads\/2025\/04\/festa-della-mamma-1-1086x1536.jpg 1086w, https:\/\/vivace-freiburg.org\/wp-content\/uploads\/2025\/04\/festa-della-mamma-1-1448x2048.jpg 1448w, https:\/\/vivace-freiburg.org\/wp-content\/uploads\/2025\/04\/festa-della-mamma-1-600x849.jpg 600w, https:\/\/vivace-freiburg.org\/wp-content\/uploads\/2025\/04\/festa-della-mamma-1.jpg 1587w\" sizes=\"(max-width: 212px) 100vw, 212px\" \/><\/p>\n","protected":false},"excerpt":{"rendered":"<p>Ein besonderer Moment, in dem die Kinder ihrer Fantasie und ihren Herzen Raum geben k\u00f6nnen! Inmitten von Farben, Kleber und jeder Menge Spa\u00df wird jeder kleine Teilnehmer ein pers\u00f6nliches Geschenk f\u00fcr seine Mutter gestalten: ein einzigartiger Gedanke, mit Liebe und Kreativit\u00e4t gemacht. Eine Gelegenheit, mit viel Spa\u00df zu lernen und gemeinsam einen ganz besonderen Menschen [&hellip;]<\/p>\n","protected":false},"author":12,"featured_media":7963,"template":"","meta":{"_acf_changed":false,"ngg_post_thumbnail":0},"product_cat":[74,153,215,207],"mep_cat":[157,142,217,206],"mep_org":[],"mep_tag":[],"class_list":["post-7971","mep_events","type-mep_events","status-publish","has-post-thumbnail","hentry","product_cat-kulturveranstaltung","product_cat-kinder","product_cat-kunstwerkstatt","product_cat-projekt-migrantes","mep_cat-kinder","mep_cat-kulturveranstaltung","mep_cat-kunstwerkstatt","mep_cat-projekt-migrantes"],"acf":[],"event_informations":{"mep_faq_description":[""],"_list_column":[""],"event_list":["a:0:{}"],"related_section_label":[""],"mep_related_event_status":["off"],"mep_disable_term_condition":["no"],"_tax_status":["none"],"link_wc_product":["7972"],"check_if_run_once":["1"],"_sku":[""],"_sold_individually":["no"],"_tax_class":[""],"_virtual":["yes"],"_price":["0"],"_wpml_media_duplicate":["1"],"_wpml_media_featured":["1"],"_top_nav_excluded":[""],"_cms_nav_minihome":[""],"_wp_page_template":["default"],"jupiterx_header":["1"],"jupiterx_header_overlap":["global"],"jupiterx_header_type":["global"],"jupiterx_header_behavior":["global"],"jupiterx_layout":["global"],"jupiterx_content_full_width":["0"],"jupiterx_sidebar_primary":["global"],"jupiterx_sidebar_secondary":["global"],"jupiterx_post_featured_image":["global"],"jupiterx_post_comments":["global"],"jupiterx_main_background_color":[""],"jupiterx_main_background_image":[""],"jupiterx_main_background_position":[""],"jupiterx_main_background_repeat":[""],"jupiterx_main_background_attachment":[""],"jupiterx_main_background_size":[""],"jupiterx_main_background":[""],"jupiterx_main_spacing_padding_top":[""],"jupiterx_main_spacing_padding_right":[""],"jupiterx_main_spacing_padding_bottom":[""],"jupiterx_main_spacing_padding_left":[""],"jupiterx_main_spacing_margin_top":[""],"jupiterx_main_spacing_margin_right":[""],"jupiterx_main_spacing_margin_bottom":[""],"jupiterx_main_spacing_margin_left":[""],"jupiterx_main_spacing":[""],"jupiterx_title_bar_title":["global"],"jupiterx_title_bar_breadcrumb":["global"],"jupiterx_footer_type":["global"],"jupiterx_footer_widget_area":["global"],"jupiterx_footer_sub":["global"],"jupiterx_footer_behavior":["global"],"jupiterx_post_meta":["global"],"jupiterx_post_tags":["global"],"jupiterx_post_social_share":["global"],"jupiterx_post_author_box":["global"],"jupiterx_post_related_posts":["global"],"_wpml_word_count":["88"],"_last_translation_edit_mode":["translation-editor"],"mep_event_date_format":["benutzerdefinierte"],"mep_event_time_format":["H:i"],"mep_event_custom_date_format":["j F Y"],"mep_custom_event_time_format":["g:i a"],"mep_time_zone_display":["keine"],"mep_show_end_datetime":["ja"],"mep_rich_text_status":["enable"],"mep_available_seat":["aus"],"mep_reg_status":["auf"],"mep_show_advance_col_status":["aus"],"mep_enable_custom_dt_format":["aus"],"mep_rt_event_status":["EventRescheduled"],"mep_rt_event_attandence_mode":["OfflineEventAttendanceMode"],"mep_rt_event_prvdate":["2025-05-10 11:00:00"],"mep_event_template":["standard-theme.php"],"event_start_date":["2025-05-10"],"event_start_time":["11:00"],"event_end_date":["2025-05-10"],"event_end_time":["12:30"],"event_start_datetime":["2025-05-10 11:00:00"],"event_end_datetime":["2025-05-10 12:30:00"],"event_expire_datetime":["2025-05-10 12:30:00"],"mep_location_venue":["Vivace-Freiburg"],"mep_street":["Wallstra\u00dfe 15"],"mep_city":["Freiburg im Breisgau"],"mep_state":["Deutschland"],"mep_postcode":["79098"],"mep_country":["Deutschland"],"mep_sgm":["1"],"mep_member_only_user_role":["a:1:{i:0;s:4:\"alle\";}"],"mep_member_only_event":["f\u00fcr_alle"],"mep_event_type":["offline"],"event_upcoming_datetime":["2025-05-10 12:30:00"],"_eael_post_view_count":["260"],"_thumbnail_id":["7963"],"mep_total_seat_left":["0"],"7971_202505101100":["0"],"_elementor_page_assets":["a:0:{}"],"event_feature_image":"https:\/\/vivace-freiburg.org\/wp-content\/uploads\/2025\/04\/festa-della-mamma-1.jpg"},"_links":{"self":[{"href":"https:\/\/vivace-freiburg.org\/de\/wp-json\/wp\/v2\/mep_events\/7971","targetHints":{"allow":["GET"]}}],"collection":[{"href":"https:\/\/vivace-freiburg.org\/de\/wp-json\/wp\/v2\/mep_events"}],"about":[{"href":"https:\/\/vivace-freiburg.org\/de\/wp-json\/wp\/v2\/types\/mep_events"}],"author":[{"embeddable":true,"href":"https:\/\/vivace-freiburg.org\/de\/wp-json\/wp\/v2\/users\/12"}],"version-history":[{"count":0,"href":"https:\/\/vivace-freiburg.org\/de\/wp-json\/wp\/v2\/mep_events\/7971\/revisions"}],"wp:featuredmedia":[{"embeddable":true,"href":"https:\/\/vivace-freiburg.org\/de\/wp-json\/wp\/v2\/media\/7963"}],"wp:attachment":[{"href":"https:\/\/vivace-freiburg.org\/de\/wp-json\/wp\/v2\/media?parent=7971"}],"wp:term":[{"taxonomy":"product_cat","embeddable":true,"href":"https:\/\/vivace-freiburg.org\/de\/wp-json\/wp\/v2\/product_cat?post=7971"},{"taxonomy":"mep_cat","embeddable":true,"href":"https:\/\/vivace-freiburg.org\/de\/wp-json\/wp\/v2\/mep_cat?post=7971"},{"taxonomy":"mep_org","embeddable":true,"href":"https:\/\/vivace-freiburg.org\/de\/wp-json\/wp\/v2\/mep_org?post=7971"},{"taxonomy":"mep_tag","embeddable":true,"href":"https:\/\/vivace-freiburg.org\/de\/wp-json\/wp\/v2\/mep_tag?post=7971"}],"curies":[{"name":"wp","href":"https:\/\/api.w.org\/{rel}","templated":true}]}}

Kreativ-Workshop für den Muttertag

<p>Ein besonderer Moment, in dem die Kinder ihrer Fantasie und ihren Herzen Raum geben können! Inmitten von Farben, Kleber und jeder Menge Spaß wird jeder kleine Teilnehmer ein persönliches Geschenk für seine Mutter gestalten: ein einzigartiger Gedanke, mit Liebe und Kreativität gemacht. Eine Gelegenheit, mit viel Spaß zu lernen und gemeinsam einen ganz besonderen Menschen zu feiern!  </p>
<p>Der Workshop wird von Bettina Schwarz geleitet und findet auf Italienisch und Deutsch statt.</p>
<p><img fetchpriority="high" decoding="async" class="alignnone size-medium wp-image-7962" src="https://vivace-freiburg.org/wp-content/uploads/2025/04/festa-della-mamma-1-212x300.jpg" alt="" width="212" height="300" srcset="https://vivace-freiburg.org/wp-content/uploads/2025/04/festa-della-mamma-1-212x300.jpg 212w, https://vivace-freiburg.org/wp-content/uploads/2025/04/festa-della-mamma-1-724x1024.jpg 724w, https://vivace-freiburg.org/wp-content/uploads/2025/04/festa-della-mamma-1-768x1086.jpg 768w, https://vivace-freiburg.org/wp-content/uploads/2025/04/festa-della-mamma-1-1086x1536.jpg 1086w, https://vivace-freiburg.org/wp-content/uploads/2025/04/festa-della-mamma-1-1448x2048.jpg 1448w, https://vivace-freiburg.org/wp-content/uploads/2025/04/festa-della-mamma-1-600x849.jpg 600w, https://vivace-freiburg.org/wp-content/uploads/2025/04/festa-della-mamma-1.jpg 1587w" sizes="(max-width: 212px) 100vw, 212px" /></p>

<p>Ein besonderer Moment, in dem die Kinder ihrer Fantasie und ihren Herzen Raum geben können! Inmitten von Farben, Kleber und jeder Menge Spaß wird jeder kleine Teilnehmer ein persönliches Geschenk für seine Mutter gestalten: ein einzigartiger Gedanke, mit Liebe und Kreativität gemacht. Eine Gelegenheit, mit viel Spaß zu lernen und gemeinsam einen ganz besonderen Menschen [&hellip;]</p>

Wallstraße 15

für_alle
