{"id":8596,"date":"2025-05-06T15:41:44","date_gmt":"2025-05-06T13:41:44","guid":{"rendered":"https:\/\/vivace-freiburg.org\/events\/gitarrenkonzert\/"},"modified":"2025-05-20T21:51:36","modified_gmt":"2025-05-20T19:51:36","slug":"gitarrenkonzert","status":"publish","type":"mep_events","link":"https:\/\/vivace-freiburg.org\/de\/events\/gitarrenkonzert\/","title":{"rendered":"Gitarrenkonzert"},"content":{"rendered":"<p class=\"\" data-start=\"62\" data-end=\"527\"><strong data-start=\"62\" data-end=\"80\">Luis Orlandini<\/strong> (Santiago de Chile, 1964) ist ein renommierter chilenischer klassischer Gitarrist mit einer bedeutenden internationalen Karriere. Er wurde an der Universit\u00e4t von Chile und in Deutschland bei Eliot Fisk ausgebildet und spezialisierte sich auch am Mozarteum in Salzburg. Er gewann 1989 den ersten Preis beim Internationalen Musikwettbewerb in M\u00fcnchen (den einzigen in der Geschichte des Wettbewerbs) und ist in einigen der wichtigsten S\u00e4le in Europa, Amerika und Asien aufgetreten.<\/p>\n<p class=\"\" data-start=\"529\" data-end=\"1013\">Er hat mit zahlreichen internationalen Orchestern und renommierten Dirigenten zusammengearbeitet und Aufnahmen f\u00fcr Labels wie Koch Schwann, CPO, ARTE NOVA und SVR gemacht. Er hat sich auch als F\u00f6rderer der chilenischen Musik hervorgetan, mit mehr als 150 Erstauff\u00fchrungen von ihm gewidmeten Werken. Er hat an internationalen Festivals teilgenommen, war Juror bei Wettbewerben und erhielt prestigetr\u00e4chtige Auszeichnungen, darunter den <strong data-start=\"907\" data-end=\"954\">Preis des Pr\u00e4sidenten der Republik Chile<\/strong> (2007) und den <strong data-start=\"967\" data-end=\"1005\">Don Quijote de la Mancha-Preis<\/strong> (2020).<\/p>\n<p class=\"\" data-start=\"1015\" data-end=\"1260\">Er lehrt an der Universit\u00e4t von Chile und der P\u00e4pstlichen Katholischen Universit\u00e4t von Chile. In den letzten Jahren gr\u00fcndete er mit dem Gitarristen Raimundo Luco die Gruppe <em data-start=\"1132\" data-end=\"1154\">D\u00fao Orlandini &amp;<\/em> Luco, mit der er in Europa und Amerika auf Tournee ging und Aufnahmen machte.<\/p>\n<p data-start=\"1015\" data-end=\"1260\">Mauro Giuliani: Obertura Op.61<br \/>\nJohann Sebastian Bach: Chaconne (aus BWV 1004)<br \/>\nMario Castelnuovo: Capricho Diab\u00f3lico Op.85a (1935)<\/p>\n<p>Johannes Brahms: Intermezzo op. 76; Intermezzo op. 117<br \/>\nJavier Far\u00edas: Aus dem ganzen Schweigen&nbsp;<br \/>\nAlberto Ginastera: Sonate op.47 (1976)<br \/>\nExordium, Scherzo, Canto, Finale<\/p>\n<p data-start=\"1015\" data-end=\"1260\">Gro\u00dfartiger italienischer Aperitif!<br \/>\n&#8212;&#8212;&#8212;&#8212;&#8212;&#8212;&#8212;&#8212;&#8212;&#8212;&#8212;&#8212;&#8212;&#8212;&#8212;-<\/p>\n","protected":false},"excerpt":{"rendered":"<p>Luis Orlandini (Santiago de Chile, 1964) ist ein renommierter chilenischer klassischer Gitarrist mit einer bedeutenden internationalen Karriere. Er wurde an der Universit\u00e4t von Chile und in Deutschland bei Eliot Fisk ausgebildet und spezialisierte sich auch am Mozarteum in Salzburg. Er gewann 1989 den ersten Preis beim Internationalen Musikwettbewerb in M\u00fcnchen (den einzigen in der Geschichte [&hellip;]<\/p>\n","protected":false},"author":12,"featured_media":8599,"template":"","meta":{"_acf_changed":false,"ngg_post_thumbnail":0},"product_cat":[74,140],"mep_cat":[146,142],"mep_org":[163],"mep_tag":[],"class_list":["post-8596","mep_events","type-mep_events","status-publish","has-post-thumbnail","hentry","product_cat-kulturveranstaltung","product_cat-konzert","mep_cat-konzert","mep_cat-kulturveranstaltung","mep_org-vivace-freiburg"],"acf":[],"event_informations":{"mep_faq_description":[""],"_list_column":[""],"event_list":["a:0:{}"],"related_section_label":[""],"mep_related_event_status":["off"],"mep_disable_term_condition":["no"],"_tax_status":["none"],"link_wc_product":["8605"],"check_if_run_once":["1"],"_sku":[""],"_sold_individually":["no"],"_tax_class":[""],"_virtual":["yes"],"_price":["0"],"_wpml_media_duplicate":["1"],"_wpml_media_featured":["1"],"_top_nav_excluded":[""],"_cms_nav_minihome":[""],"_wp_page_template":["default"],"jupiterx_header":["1"],"jupiterx_header_overlap":["global"],"jupiterx_header_type":["global"],"jupiterx_header_behavior":["global"],"jupiterx_layout":["global"],"jupiterx_content_full_width":["0"],"jupiterx_sidebar_primary":["global"],"jupiterx_sidebar_secondary":["global"],"jupiterx_post_featured_image":["global"],"jupiterx_post_comments":["global"],"jupiterx_main_background_color":[""],"jupiterx_main_background_image":[""],"jupiterx_main_background_position":[""],"jupiterx_main_background_repeat":[""],"jupiterx_main_background_attachment":[""],"jupiterx_main_background_size":[""],"jupiterx_main_background":[""],"jupiterx_main_spacing_padding_top":[""],"jupiterx_main_spacing_padding_right":[""],"jupiterx_main_spacing_padding_bottom":[""],"jupiterx_main_spacing_padding_left":[""],"jupiterx_main_spacing_margin_top":[""],"jupiterx_main_spacing_margin_right":[""],"jupiterx_main_spacing_margin_bottom":[""],"jupiterx_main_spacing_margin_left":[""],"jupiterx_main_spacing":[""],"jupiterx_title_bar_title":["global"],"jupiterx_title_bar_breadcrumb":["global"],"jupiterx_footer_type":["global"],"jupiterx_footer_widget_area":["global"],"jupiterx_footer_sub":["global"],"jupiterx_footer_behavior":["global"],"jupiterx_post_meta":["global"],"jupiterx_post_tags":["global"],"jupiterx_post_social_share":["global"],"jupiterx_post_author_box":["global"],"jupiterx_post_related_posts":["global"],"_thumbnail_id":["8599"],"_wpml_word_count":["287"],"mep_total_seat_left":["0"],"_last_translation_edit_mode":["native-editor"],"mep_event_date_format":["F j, Y"],"mep_event_time_format":["H:i"],"mep_event_custom_date_format":["j F Y"],"mep_custom_event_time_format":["g:i a"],"mep_time_zone_display":["yes"],"mep_show_end_datetime":["no"],"mep_rich_text_status":["enable"],"mep_available_seat":["off"],"mep_reg_status":["on"],"mep_show_advance_col_status":["off"],"mep_enable_custom_dt_format":["off"],"mep_rt_event_status":["EventRescheduled"],"mep_rt_event_attandence_mode":["OfflineEventAttendanceMode"],"mep_rt_event_prvdate":["2025-05-24 19:00:00"],"mep_event_template":["default-theme.php"],"event_start_date":["2025-05-24"],"event_start_time":["19:00"],"event_end_date":["2025-05-24"],"event_end_time":["21:00"],"event_start_datetime":["2025-05-24 19:00:00"],"event_end_datetime":["2025-05-24 21:00:00"],"event_expire_datetime":["2025-05-24 21:00:00"],"mep_location_venue":["Humboldtsaal"],"mep_street":["Humboldtstra\u00dfe Nr. 2"],"mep_city":["Freiburg im Breisgau"],"mep_state":["Deutschland"],"mep_postcode":["79098"],"mep_country":["Deutschland"],"mep_member_only_user_role":["a:1:{i:0;s:3:\"all\";}"],"mep_member_only_event":["for_all"],"mep_event_type":["offline"],"event_upcoming_datetime":["2025-05-24 21:00:00"],"_eael_post_view_count":["254"],"_edit_lock":["1747771065:1"],"_edit_last":["1"],"_jupiterx_header":["field_jupiterx_post_header"],"_jupiterx_header_overlap":["field_jupiterx_post_header_overlap"],"_jupiterx_header_type":["field_jupiterx_post_header_type"],"_jupiterx_header_behavior":["field_jupiterx_post_header_behavior"],"_jupiterx_layout":["field_jupiterx_post_main_layout"],"_jupiterx_content_full_width":["field_jupiterx_post_main_full_width"],"_jupiterx_sidebar_primary":["field_jupiterx_post_main_sidebar_primary"],"_jupiterx_sidebar_secondary":["field_jupiterx_post_main_sidebar_secondary"],"_jupiterx_post_featured_image":["field_jupiterx_post_main_featured_image"],"_jupiterx_post_meta":["field_jupiterx_post_main_meta"],"_jupiterx_post_tags":["field_jupiterx_post_main_tags"],"_jupiterx_post_social_share":["field_jupiterx_post_main_social_share"],"_jupiterx_post_author_box":["field_jupiterx_post_main_author_box"],"_jupiterx_post_related_posts":["field_jupiterx_post_main_related_posts"],"_jupiterx_post_comments":["field_jupiterx_post_main_comments"],"_jupiterx_main_background_color":["color"],"_jupiterx_main_background_image":["image"],"_jupiterx_main_background_position":["position"],"_jupiterx_main_background_repeat":["repeat"],"_jupiterx_main_background_attachment":["attachment"],"_jupiterx_main_background_size":["size"],"_jupiterx_main_background":["field_jupiterx_post_main_background"],"_jupiterx_main_spacing_padding_top":["padding_top"],"_jupiterx_main_spacing_padding_right":["padding_right"],"_jupiterx_main_spacing_padding_bottom":["padding_bottom"],"_jupiterx_main_spacing_padding_left":["padding_left"],"_jupiterx_main_spacing_margin_top":["margin_top"],"_jupiterx_main_spacing_margin_right":["margin_right"],"_jupiterx_main_spacing_margin_bottom":["margin_bottom"],"_jupiterx_main_spacing_margin_left":["margin_left"],"_jupiterx_main_spacing":["field_jupiterx_post_main_spacing"],"_jupiterx_title_bar_title":["field_jupiterx_post_title_bar_title"],"_jupiterx_title_bar_breadcrumb":["field_jupiterx_post_title_bar_breadcrumb"],"jupiterx_title_bar_subtitle":[""],"_jupiterx_title_bar_subtitle":["field_jupiterx_post_title_bar_subtitle"],"jupiterx_footer":["1"],"_jupiterx_footer":["field_jupiterx_post_footer"],"_jupiterx_footer_type":["field_jupiterx_post_footer_type"],"_jupiterx_footer_widget_area":["field_jupiterx_post_footer_widget_area"],"_jupiterx_footer_sub":["field_jupiterx_post_footer_sub"],"_jupiterx_footer_behavior":["field_jupiterx_post_footer_behavior"],"mep_enable_recurring":["no"],"mep_event_more_date":["a:0:{}"],"mep_speaker_title":[""],"mep_event_speaker_icon":[""],"mep_event_speakers_list":[""],"mep_display_slider":["on"],"mep_gallery_images":["a:1:{i:0;s:0:\"\";}"],"mep_list_thumbnail":[""],"mep_full_name":[""],"mep_reg_email":[""],"mep_reg_phone":[""],"mep_reg_address":[""],"mep_reg_designation":[""],"mep_reg_website":[""],"mep_reg_veg":[""],"mep_reg_company":[""],"mep_reg_gender":[""],"mep_reg_tshirtsize":[""],"mep_reg_tshirtsize_list":[""],"mep_org_address":["0"],"_stock":["0"],"_stock_msg":["new"],"longitude":["7.8483585"],"latitude":["47.9933371"],"location_name":["Humboldtstra\u00dfe 2, Freiburg im Breisgau, Deutschland"],"mep_sgm":["1"],"mp_event_virtual_type_des":[""],"mep_show_upcoming_event":[""],"mep_repeated_periods":["1"],"mep_event_show_attendee_list":["off"],"mep_fb_send_email_confirmation":[""],"mep_name_label":[""],"mep_email_label":[""],"mep_phone_label":[""],"mep_address_label":[""],"mep_tshirt_label":[""],"mep_desg_label":[""],"mep_website_label":[""],"mep_veg_label":[""],"mep_company_label":[""],"mep_gender_label":[""],"mep_event_reg_form_id":["custom_form"],"mep_form_builder_data":["a:0:{}"],"mep_conditional_form_check":["off"],"mep_conditional_infos":["a:0:{}"],"mep_event_attendee_edit_frontend":["off"],"um_content_restriction":["a:8:{s:26:\"_um_custom_access_settings\";b:0;s:14:\"_um_accessible\";i:0;s:28:\"_um_access_hide_from_queries\";b:0;s:19:\"_um_noaccess_action\";i:0;s:30:\"_um_restrict_by_custom_message\";i:0;s:27:\"_um_restrict_custom_message\";s:0:\"\";s:19:\"_um_access_redirect\";i:0;s:23:\"_um_access_redirect_url\";s:0:\"\";}"],"mefs_withdrawal_amount":[""],"mefs_withdrawal_date":[""],"mefs_withdrawal_note":[""],"mefs_withdrawal_status":[""],"enable_global_qty":["on"],"mep_gq_total_resv_seat":["10"],"mep_gq_total_seat":["90"],"ea_name":[""],"ea_email":[""],"ea_phone":[""],"ea_address_1":[""],"ea_desg":[""],"ea_website":[""],"ea_vegetarian":[""],"ea_company":[""],"ea_gender":[""],"ea_tshirtsize":[""],"ea_event_id":[""],"ea_ticket_type":[""],"ea_event_date":[""],"event_date_gq":[""],"jupiterx_reading_time":[" 1 minutes"],"_wpml_media_has_media":["1"],"8596_202505241900":["0"],"_elementor_page_assets":["a:0:{}"],"event_feature_image":"https:\/\/vivace-freiburg.org\/wp-content\/uploads\/Orlandini-2-1.jpg"},"_links":{"self":[{"href":"https:\/\/vivace-freiburg.org\/de\/wp-json\/wp\/v2\/mep_events\/8596","targetHints":{"allow":["GET"]}}],"collection":[{"href":"https:\/\/vivace-freiburg.org\/de\/wp-json\/wp\/v2\/mep_events"}],"about":[{"href":"https:\/\/vivace-freiburg.org\/de\/wp-json\/wp\/v2\/types\/mep_events"}],"author":[{"embeddable":true,"href":"https:\/\/vivace-freiburg.org\/de\/wp-json\/wp\/v2\/users\/12"}],"version-history":[{"count":0,"href":"https:\/\/vivace-freiburg.org\/de\/wp-json\/wp\/v2\/mep_events\/8596\/revisions"}],"wp:featuredmedia":[{"embeddable":true,"href":"https:\/\/vivace-freiburg.org\/de\/wp-json\/wp\/v2\/media\/8599"}],"wp:attachment":[{"href":"https:\/\/vivace-freiburg.org\/de\/wp-json\/wp\/v2\/media?parent=8596"}],"wp:term":[{"taxonomy":"product_cat","embeddable":true,"href":"https:\/\/vivace-freiburg.org\/de\/wp-json\/wp\/v2\/product_cat?post=8596"},{"taxonomy":"mep_cat","embeddable":true,"href":"https:\/\/vivace-freiburg.org\/de\/wp-json\/wp\/v2\/mep_cat?post=8596"},{"taxonomy":"mep_org","embeddable":true,"href":"https:\/\/vivace-freiburg.org\/de\/wp-json\/wp\/v2\/mep_org?post=8596"},{"taxonomy":"mep_tag","embeddable":true,"href":"https:\/\/vivace-freiburg.org\/de\/wp-json\/wp\/v2\/mep_tag?post=8596"}],"curies":[{"name":"wp","href":"https:\/\/api.w.org\/{rel}","templated":true}]}}

<p class="" data-start="62" data-end="527"><strong data-start="62" data-end="80">Luis Orlandini</strong> (Santiago de Chile, 1964) ist ein renommierter chilenischer klassischer Gitarrist mit einer bedeutenden internationalen Karriere. Er wurde an der Universität von Chile und in Deutschland bei Eliot Fisk ausgebildet und spezialisierte sich auch am Mozarteum in Salzburg. Er gewann 1989 den ersten Preis beim Internationalen Musikwettbewerb in München (den einzigen in der Geschichte des Wettbewerbs) und ist in einigen der wichtigsten Säle in Europa, Amerika und Asien aufgetreten.</p>
<p class="" data-start="529" data-end="1013">Er hat mit zahlreichen internationalen Orchestern und renommierten Dirigenten zusammengearbeitet und Aufnahmen für Labels wie Koch Schwann, CPO, ARTE NOVA und SVR gemacht. Er hat sich auch als Förderer der chilenischen Musik hervorgetan, mit mehr als 150 Erstaufführungen von ihm gewidmeten Werken. Er hat an internationalen Festivals teilgenommen, war Juror bei Wettbewerben und erhielt prestigeträchtige Auszeichnungen, darunter den <strong data-start="907" data-end="954">Preis des Präsidenten der Republik Chile</strong> (2007) und den <strong data-start="967" data-end="1005">Don Quijote de la Mancha-Preis</strong> (2020).</p>
<p class="" data-start="1015" data-end="1260">Er lehrt an der Universität von Chile und der Päpstlichen Katholischen Universität von Chile. In den letzten Jahren gründete er mit dem Gitarristen Raimundo Luco die Gruppe <em data-start="1132" data-end="1154">Dúo Orlandini &amp;</em> Luco, mit der er in Europa und Amerika auf Tournee ging und Aufnahmen machte.</p>
<p data-start="1015" data-end="1260">Mauro Giuliani: Obertura Op.61<br />
Johann Sebastian Bach: Chaconne (aus BWV 1004)<br />
Mario Castelnuovo: Capricho Diabólico Op.85a (1935)</p>
<p>Johannes Brahms: Intermezzo op. 76; Intermezzo op. 117<br />
Javier Farías: Aus dem ganzen Schweigen&nbsp;<br />
Alberto Ginastera: Sonate op.47 (1976)<br />
Exordium, Scherzo, Canto, Finale</p>
<p data-start="1015" data-end="1260">Großartiger italienischer Aperitif!<br />
&#8212;&#8212;&#8212;&#8212;&#8212;&#8212;&#8212;&#8212;&#8212;&#8212;&#8212;&#8212;&#8212;&#8212;&#8212;-</p>

<p>Luis Orlandini (Santiago de Chile, 1964) ist ein renommierter chilenischer klassischer Gitarrist mit einer bedeutenden internationalen Karriere. Er wurde an der Universität von Chile und in Deutschland bei Eliot Fisk ausgebildet und spezialisierte sich auch am Mozarteum in Salzburg. Er gewann 1989 den ersten Preis beim Internationalen Musikwettbewerb in München (den einzigen in der Geschichte [&hellip;]</p>

Humboldtstraße Nr. 2

Humboldtstraße 2, Freiburg im Breisgau, Deutschland
