{"id":8629,"date":"2025-05-16T14:42:29","date_gmt":"2025-05-16T12:42:29","guid":{"rendered":"https:\/\/vivace-freiburg.org\/events\/kriminalromane-und-science-fiction\/"},"modified":"2025-05-16T14:42:29","modified_gmt":"2025-05-16T12:42:29","slug":"kriminalromane-und-science-fiction","status":"publish","type":"mep_events","link":"https:\/\/vivace-freiburg.org\/de\/events\/kriminalromane-und-science-fiction\/","title":{"rendered":"Kriminalromane und Science Fiction"},"content":{"rendered":"<p>Irdische Verbrechen und kosmische Abenteuer: eine imagin\u00e4re Reise mit Marco Palone in Freiburg<\/p>\n<p>Was verbindet Noir und Science Fiction? Die Feder von Marco Palone, der uns am Samstag, den 31. Mai 2025 um 18 Uhr im Verein Vivace-Freiburg, Wallstra\u00dfe 15, auf eine faszinierende Reise durch Mystery und Fantasie mitnimmt. <\/p>\n<p>Palone, Schriftsteller und Dozent an der Universit\u00e4t von Edinburgh, durchquert meisterhaft scheinbar ferne literarische Welten. Vom Noir La smorfia del cinese bis zur Sci-Fi-Saga Progetto Ganimede (Cassiopeia Trophy 2024) laden seine Werke dazu ein, zu erkunden, was hinter dem Sichtbaren und Bekannten verborgen liegt. <\/p>\n<p>W\u00e4hrend des Treffens werden wir \u00fcber die Faszination dieser unsterblichen Gattungen nachdenken und ausgew\u00e4hlte Ausz\u00fcge aus seinen Werken h\u00f6ren, f\u00fcr eine Erfahrung, die Geheimnis und Wunder verspricht.<\/p>\n<p>Zum Abschluss wird ein Aperitif nach italienischer Art das Vergn\u00fcgen der Unterhaltung begleiten.<\/p>\n<p>Der Eintritt ist frei: ein Ereignis, das Sie nicht verpassen sollten, wenn Sie mit dem Geist reisen und sich von der Kraft des Geschichtenerz\u00e4hlens fesseln lassen m\u00f6chten.<\/p>\n","protected":false},"excerpt":{"rendered":"<p>Irdische Verbrechen und kosmische Abenteuer: eine imagin\u00e4re Reise mit Marco Palone in Freiburg Was verbindet Noir und Science Fiction? Die Feder von Marco Palone, der uns am Samstag, den 31. Mai 2025 um 18 Uhr im Verein Vivace-Freiburg, Wallstra\u00dfe 15, auf eine faszinierende Reise durch Mystery und Fantasie mitnimmt. Palone, Schriftsteller und Dozent an der [&hellip;]<\/p>\n","protected":false},"author":12,"featured_media":8624,"template":"","meta":{"_acf_changed":false,"ngg_post_thumbnail":0},"product_cat":[74,141],"mep_cat":[147,142],"mep_org":[162,163],"mep_tag":[],"class_list":["post-8629","mep_events","type-mep_events","status-publish","has-post-thumbnail","hentry","product_cat-kulturveranstaltung","product_cat-caffe-letterario","mep_cat-caffe-letterario","mep_cat-kulturveranstaltung","mep_org-dante-alighieri-gesellschaft-freiburg","mep_org-vivace-freiburg"],"acf":[],"event_informations":{"mep_faq_description":[""],"_list_column":[""],"event_list":["a:0:{}"],"related_section_label":[""],"mep_related_event_status":["off"],"mep_disable_term_condition":["no"],"_tax_status":["none"],"link_wc_product":["8630"],"check_if_run_once":["1"],"_sku":[""],"_sold_individually":["no"],"_tax_class":[""],"_virtual":["yes"],"_price":["0"],"_wpml_media_duplicate":["1"],"_wpml_media_featured":["1"],"_top_nav_excluded":[""],"_cms_nav_minihome":[""],"_wp_page_template":["default"],"mep_event_date_format":["benutzerdefinierte"],"mep_event_time_format":["H:i"],"mep_event_custom_date_format":["j F Y"],"mep_custom_event_time_format":["g:i a"],"mep_time_zone_display":["keine"],"mep_show_end_datetime":["ja"],"mep_rich_text_status":["enable"],"mep_available_seat":["aus"],"mep_reg_status":["auf"],"mep_show_advance_col_status":["aus"],"mep_enable_custom_dt_format":["aus"],"mep_rt_event_status":["EventRescheduled"],"mep_rt_event_attandence_mode":["OfflineEventAttendanceMode"],"mep_event_template":["standard-theme.php"],"event_start_date":["2025-05-31"],"event_start_time":["18:00"],"event_end_date":["2025-05-31"],"event_end_time":["21:00"],"event_start_datetime":["2025-05-31 18:00:00"],"event_end_datetime":["2025-05-31 21:00:00"],"event_expire_datetime":["2025-05-31 21:00:00"],"mep_location_venue":["Vivace-Freiburg"],"mep_street":["Wallstra\u00dfe 15"],"mep_city":["Freiburg im Breisgau"],"mep_state":["Deutschland"],"mep_postcode":["79098"],"mep_country":["Deutschland"],"mep_sgm":["1"],"mep_member_only_user_role":["a:1:{i:0;s:4:\"alle\";}"],"mep_member_only_event":["f\u00fcr_alle"],"mep_event_type":["offline"],"jupiterx_header":["1"],"jupiterx_header_overlap":["global"],"jupiterx_header_type":["global"],"jupiterx_header_behavior":["global"],"jupiterx_layout":["global"],"jupiterx_content_full_width":["0"],"jupiterx_sidebar_primary":["global"],"jupiterx_sidebar_secondary":["global"],"jupiterx_post_featured_image":["global"],"jupiterx_post_comments":["global"],"jupiterx_main_background_color":[""],"jupiterx_main_background_image":[""],"jupiterx_main_background_position":[""],"jupiterx_main_background_repeat":[""],"jupiterx_main_background_attachment":[""],"jupiterx_main_background_size":[""],"jupiterx_main_background":[""],"jupiterx_main_spacing_padding_top":[""],"jupiterx_main_spacing_padding_right":[""],"jupiterx_main_spacing_padding_bottom":[""],"jupiterx_main_spacing_padding_left":[""],"jupiterx_main_spacing_margin_top":[""],"jupiterx_main_spacing_margin_right":[""],"jupiterx_main_spacing_margin_bottom":[""],"jupiterx_main_spacing_margin_left":[""],"jupiterx_main_spacing":[""],"jupiterx_title_bar_title":["global"],"jupiterx_title_bar_breadcrumb":["global"],"jupiterx_footer_type":["global"],"jupiterx_footer_widget_area":["global"],"jupiterx_footer_sub":["global"],"jupiterx_footer_behavior":["global"],"jupiterx_post_meta":["global"],"jupiterx_post_tags":["global"],"jupiterx_post_social_share":["global"],"jupiterx_post_author_box":["global"],"jupiterx_post_related_posts":["global"],"_thumbnail_id":["8624"],"_wpml_word_count":["195"],"mep_total_seat_left":["0"],"_eael_post_view_count":["284"],"event_upcoming_datetime":["2025-05-31 21:00:00"],"8629_202505311800":["0"],"_elementor_page_assets":["a:0:{}"],"event_feature_image":"https:\/\/vivace-freiburg.org\/wp-content\/uploads\/Arancione-Giallo-Foto-Spazio-Stelle-Fantascienza-Copertina-Libro.jpg"},"_links":{"self":[{"href":"https:\/\/vivace-freiburg.org\/de\/wp-json\/wp\/v2\/mep_events\/8629","targetHints":{"allow":["GET"]}}],"collection":[{"href":"https:\/\/vivace-freiburg.org\/de\/wp-json\/wp\/v2\/mep_events"}],"about":[{"href":"https:\/\/vivace-freiburg.org\/de\/wp-json\/wp\/v2\/types\/mep_events"}],"author":[{"embeddable":true,"href":"https:\/\/vivace-freiburg.org\/de\/wp-json\/wp\/v2\/users\/12"}],"version-history":[{"count":0,"href":"https:\/\/vivace-freiburg.org\/de\/wp-json\/wp\/v2\/mep_events\/8629\/revisions"}],"wp:featuredmedia":[{"embeddable":true,"href":"https:\/\/vivace-freiburg.org\/de\/wp-json\/wp\/v2\/media\/8624"}],"wp:attachment":[{"href":"https:\/\/vivace-freiburg.org\/de\/wp-json\/wp\/v2\/media?parent=8629"}],"wp:term":[{"taxonomy":"product_cat","embeddable":true,"href":"https:\/\/vivace-freiburg.org\/de\/wp-json\/wp\/v2\/product_cat?post=8629"},{"taxonomy":"mep_cat","embeddable":true,"href":"https:\/\/vivace-freiburg.org\/de\/wp-json\/wp\/v2\/mep_cat?post=8629"},{"taxonomy":"mep_org","embeddable":true,"href":"https:\/\/vivace-freiburg.org\/de\/wp-json\/wp\/v2\/mep_org?post=8629"},{"taxonomy":"mep_tag","embeddable":true,"href":"https:\/\/vivace-freiburg.org\/de\/wp-json\/wp\/v2\/mep_tag?post=8629"}],"curies":[{"name":"wp","href":"https:\/\/api.w.org\/{rel}","templated":true}]}}

<p>Irdische Verbrechen und kosmische Abenteuer: eine imaginäre Reise mit Marco Palone in Freiburg</p>
<p>Was verbindet Noir und Science Fiction? Die Feder von Marco Palone, der uns am Samstag, den 31. Mai 2025 um 18 Uhr im Verein Vivace-Freiburg, Wallstraße 15, auf eine faszinierende Reise durch Mystery und Fantasie mitnimmt. </p>
<p>Palone, Schriftsteller und Dozent an der Universität von Edinburgh, durchquert meisterhaft scheinbar ferne literarische Welten. Vom Noir La smorfia del cinese bis zur Sci-Fi-Saga Progetto Ganimede (Cassiopeia Trophy 2024) laden seine Werke dazu ein, zu erkunden, was hinter dem Sichtbaren und Bekannten verborgen liegt. </p>
<p>Während des Treffens werden wir über die Faszination dieser unsterblichen Gattungen nachdenken und ausgewählte Auszüge aus seinen Werken hören, für eine Erfahrung, die Geheimnis und Wunder verspricht.</p>
<p>Zum Abschluss wird ein Aperitif nach italienischer Art das Vergnügen der Unterhaltung begleiten.</p>
<p>Der Eintritt ist frei: ein Ereignis, das Sie nicht verpassen sollten, wenn Sie mit dem Geist reisen und sich von der Kraft des Geschichtenerzählens fesseln lassen möchten.</p>

<p>Irdische Verbrechen und kosmische Abenteuer: eine imaginäre Reise mit Marco Palone in Freiburg Was verbindet Noir und Science Fiction? Die Feder von Marco Palone, der uns am Samstag, den 31. Mai 2025 um 18 Uhr im Verein Vivace-Freiburg, Wallstraße 15, auf eine faszinierende Reise durch Mystery und Fantasie mitnimmt. Palone, Schriftsteller und Dozent an der [&hellip;]</p>

Wallstraße 15

für_alle
