{"id":9810,"date":"2025-06-20T16:12:02","date_gmt":"2025-06-20T14:12:02","guid":{"rendered":"https:\/\/vivace-freiburg.org\/events\/temperamentvoll-sucht-temperamentvoll\/"},"modified":"2025-06-22T10:21:11","modified_gmt":"2025-06-22T08:21:11","slug":"temperamentvoll-sucht-temperamentvoll","status":"publish","type":"mep_events","link":"https:\/\/vivace-freiburg.org\/de\/events\/temperamentvoll-sucht-temperamentvoll\/","title":{"rendered":"Vivace sucht vivaci (temperamentvolle)"},"content":{"rendered":"<p>VIVACE SUCHT VIVACI<\/p>\n<p>\ud83c\udf89 Haben Sie Energie, Ideen und Liebe f\u00fcr Italien? Dann brauchen wir Sie.<\/p>\n<p>\ud83d\udce3 Vivace sucht&#8230; temperamentvolle&#8230;<br \/>\n&#8230;neugierige, begeisterte, brillante Menschen. Menschen wie Sie.<br \/>\nGemeinsam f\u00f6rdern wir die italienische Sprache und Kultur im Herzen S\u00fcdbadens &#8211; mit Veranstaltungen, Filmen, B\u00fcchern, Lesungen, Begegnungen, Gespr\u00e4chen, Staunen.<\/p>\n<p>\u2728 Wir suchen ehrenamtliche Helfer f\u00fcr:<br \/>\n\ud83d\udcda Bibliothek<br \/>\n\ud83c\udfac Filmvorf\u00fchrungen und Lesungen<br \/>\n\ud83c\udfad Animation und Kultur<br \/>\n\ud83c\udf9f Veranstaltungsorganisation<br \/>\n\ud83c\udf0d Alles was mit Italien zu tun hat, in Freiburg und Umgebung<\/p>\n<p>\ud83d\udccc Sie brauchen keine Superkr\u00e4fte, alles was Sie brauchen, ist Leidenschaft und ein bisschen Zeit.<\/p>\n<p>\ud83d\udc8c Schreiben Sie uns, sagen Sie uns, wer Sie sind und werden Sie Teil des temperamentvollsten Teams, das es gibt.<\/p>\n","protected":false},"excerpt":{"rendered":"<p>VIVACE SUCHT VIVACI \ud83c\udf89 Haben Sie Energie, Ideen und Liebe f\u00fcr Italien? Dann brauchen wir Sie. \ud83d\udce3 Vivace sucht&#8230; temperamentvolle&#8230; &#8230;neugierige, begeisterte, brillante Menschen. Menschen wie Sie. Gemeinsam f\u00f6rdern wir die italienische Sprache und Kultur im Herzen S\u00fcdbadens &#8211; mit Veranstaltungen, Filmen, B\u00fcchern, Lesungen, Begegnungen, Gespr\u00e4chen, Staunen. \u2728 Wir suchen ehrenamtliche Helfer f\u00fcr: \ud83d\udcda Bibliothek [&hellip;]<\/p>\n","protected":false},"author":12,"featured_media":9783,"template":"","meta":{"_acf_changed":false,"ngg_post_thumbnail":0},"product_cat":[74,153,160],"mep_cat":[157,142,158],"mep_org":[163],"mep_tag":[],"class_list":["post-9810","mep_events","type-mep_events","status-publish","has-post-thumbnail","hentry","product_cat-kulturveranstaltung","product_cat-kinder","product_cat-schule","mep_cat-kinder","mep_cat-kulturveranstaltung","mep_cat-schule","mep_org-vivace-freiburg"],"acf":[],"event_informations":{"_list_column":[""],"event_list":["a:0:{}"],"related_section_label":[""],"mep_related_event_status":["off"],"mep_event_show_attendee_list":["off"],"mep_event_attendee_edit_frontend":["off"],"mep_disable_term_condition":["no"],"_tax_status":["none"],"link_wc_product":["9922"],"check_if_run_once":["1"],"_sku":[""],"_sold_individually":["no"],"_tax_class":[""],"_virtual":["yes"],"_price":["0"],"_wpml_media_duplicate":["1"],"_wpml_media_featured":["1"],"_top_nav_excluded":[""],"_cms_nav_minihome":[""],"_wp_page_template":["default"],"jupiterx_header":["1"],"jupiterx_header_overlap":["global"],"jupiterx_header_type":["global"],"jupiterx_header_behavior":["global"],"jupiterx_layout":["global"],"jupiterx_content_full_width":["0"],"jupiterx_sidebar_primary":["global"],"jupiterx_sidebar_secondary":["global"],"jupiterx_post_featured_image":["global"],"jupiterx_post_comments":["global"],"jupiterx_main_background_color":[""],"jupiterx_main_background_image":[""],"jupiterx_main_background_position":[""],"jupiterx_main_background_repeat":[""],"jupiterx_main_background_attachment":[""],"jupiterx_main_background_size":[""],"jupiterx_main_background":[""],"jupiterx_main_spacing_padding_top":[""],"jupiterx_main_spacing_padding_right":[""],"jupiterx_main_spacing_padding_bottom":[""],"jupiterx_main_spacing_padding_left":[""],"jupiterx_main_spacing_margin_top":[""],"jupiterx_main_spacing_margin_right":[""],"jupiterx_main_spacing_margin_bottom":[""],"jupiterx_main_spacing_margin_left":[""],"jupiterx_main_spacing":[""],"jupiterx_title_bar_title":["global"],"jupiterx_title_bar_breadcrumb":["global"],"jupiterx_footer_type":["global"],"jupiterx_footer_widget_area":["global"],"jupiterx_footer_sub":["global"],"jupiterx_footer_behavior":["global"],"jupiterx_post_meta":["global"],"jupiterx_post_tags":["global"],"jupiterx_post_social_share":["global"],"jupiterx_post_author_box":["global"],"jupiterx_post_related_posts":["global"],"_thumbnail_id":["9783"],"_wpml_word_count":["145"],"_last_translation_edit_mode":["native-editor"],"mep_event_date_format":["benutzerdefinierte"],"mep_event_time_format":["H:i"],"mep_event_custom_date_format":["j F Y"],"mep_custom_event_time_format":["g:i a"],"mep_time_zone_display":["keine"],"mep_show_end_datetime":["no"],"mep_rich_text_status":["enable"],"mep_available_seat":["off"],"mep_reg_status":["off"],"mep_show_advance_col_status":["off"],"mep_enable_custom_dt_format":["off"],"mep_rt_event_status":["EventRescheduled"],"mep_rt_event_attandence_mode":["OfflineEventAttendanceMode"],"mep_rt_event_prvdate":["2025-06-20 14:12:03"],"mep_event_template":["default-theme.php"],"event_start_date":["2025-06-20"],"event_start_time":["17:00"],"event_end_date":["2025-08-31"],"event_end_time":["20:00"],"event_start_datetime":["2025-06-20 17:00:00"],"event_end_datetime":["2025-08-31 20:00:00"],"event_expire_datetime":["2025-08-31 20:00:00"],"mep_location_venue":["Vivace freiburg"],"mep_street":["Wallstra\u00dfe 15"],"mep_city":["Freiburg im Breisgau"],"mep_state":["Deutschland"],"mep_postcode":["79098"],"mep_country":["Deutschland"],"mep_member_only_user_role":["a:1:{i:0;s:3:\"all\";}"],"mep_member_only_event":["for_all"],"mep_event_type":["offline"],"event_upcoming_datetime":["2025-08-31 20:00:00"],"jupiterx_header_template":["global"],"jupiterx_header_sticky_template":["global"],"_eael_post_view_count":["291"],"mep_total_seat_left":["0"],"_edit_lock":["1750580679:1"],"_edit_last":["1"],"_jupiterx_header":["field_jupiterx_post_header"],"_jupiterx_header_overlap":["field_jupiterx_post_header_overlap"],"_jupiterx_header_type":["field_jupiterx_post_header_type"],"_jupiterx_header_behavior":["field_jupiterx_post_header_behavior"],"_jupiterx_layout":["field_jupiterx_post_main_layout"],"_jupiterx_content_full_width":["field_jupiterx_post_main_full_width"],"_jupiterx_sidebar_primary":["field_jupiterx_post_main_sidebar_primary"],"_jupiterx_sidebar_secondary":["field_jupiterx_post_main_sidebar_secondary"],"_jupiterx_post_featured_image":["field_jupiterx_post_main_featured_image"],"_jupiterx_post_meta":["field_jupiterx_post_main_meta"],"_jupiterx_post_tags":["field_jupiterx_post_main_tags"],"_jupiterx_post_social_share":["field_jupiterx_post_main_social_share"],"_jupiterx_post_author_box":["field_jupiterx_post_main_author_box"],"_jupiterx_post_related_posts":["field_jupiterx_post_main_related_posts"],"_jupiterx_post_comments":["field_jupiterx_post_main_comments"],"_jupiterx_main_background_color":["color"],"_jupiterx_main_background_image":["image"],"_jupiterx_main_background_position":["position"],"_jupiterx_main_background_repeat":["repeat"],"_jupiterx_main_background_attachment":["attachment"],"_jupiterx_main_background_size":["size"],"_jupiterx_main_background":["field_jupiterx_post_main_background"],"_jupiterx_main_spacing_padding_top":["padding_top"],"_jupiterx_main_spacing_padding_right":["padding_right"],"_jupiterx_main_spacing_padding_bottom":["padding_bottom"],"_jupiterx_main_spacing_padding_left":["padding_left"],"_jupiterx_main_spacing_margin_top":["margin_top"],"_jupiterx_main_spacing_margin_right":["margin_right"],"_jupiterx_main_spacing_margin_bottom":["margin_bottom"],"_jupiterx_main_spacing_margin_left":["margin_left"],"_jupiterx_main_spacing":["field_jupiterx_post_main_spacing"],"_jupiterx_title_bar_title":["field_jupiterx_post_title_bar_title"],"_jupiterx_title_bar_breadcrumb":["field_jupiterx_post_title_bar_breadcrumb"],"jupiterx_title_bar_subtitle":[""],"_jupiterx_title_bar_subtitle":["field_jupiterx_post_title_bar_subtitle"],"jupiterx_footer":["1"],"_jupiterx_footer":["field_jupiterx_post_footer"],"_jupiterx_footer_type":["field_jupiterx_post_footer_type"],"_jupiterx_footer_widget_area":["field_jupiterx_post_footer_widget_area"],"_jupiterx_footer_sub":["field_jupiterx_post_footer_sub"],"_jupiterx_footer_behavior":["field_jupiterx_post_footer_behavior"],"mep_enable_recurring":["no"],"mep_event_more_date":["a:0:{}"],"mep_speaker_title":[""],"mep_event_speaker_icon":[""],"mep_event_speakers_list":[""],"mep_display_slider":["on"],"mep_gallery_images":["a:1:{i:0;s:0:\"\";}"],"mep_list_thumbnail":[""],"enable_global_qty":[""],"mep_gq_total_resv_seat":[""],"mep_gq_total_seat":[""],"mep_event_faq":["a:0:{}"],"mep_faq_description":[""],"mep_event_day":["a:0:{}"],"mep_full_name":[""],"mep_reg_email":[""],"mep_reg_phone":[""],"mep_reg_address":[""],"mep_reg_designation":[""],"mep_reg_website":[""],"mep_reg_veg":[""],"mep_reg_company":[""],"mep_reg_gender":[""],"mep_reg_tshirtsize":[""],"mep_reg_tshirtsize_list":[""],"mep_org_address":["0"],"_stock":["0"],"_stock_msg":["new"],"longitude":["7.854195600000001"],"latitude":["47.991904"],"location_name":["Wallstra\u00dfe 15, Freiburg im Breisgau, Deutschland"],"mep_sgm":["1"],"mp_event_virtual_type_des":[""],"mep_show_upcoming_event":[""],"mep_repeated_periods":["1"],"mep_fb_send_email_confirmation":[""],"mep_name_label":[""],"mep_email_label":[""],"mep_phone_label":[""],"mep_address_label":[""],"mep_tshirt_label":[""],"mep_desg_label":[""],"mep_website_label":[""],"mep_veg_label":[""],"mep_company_label":[""],"mep_gender_label":[""],"mep_event_reg_form_id":["custom_form"],"mep_form_builder_data":["a:0:{}"],"mep_conditional_form_check":["off"],"mep_conditional_infos":["a:0:{}"],"um_content_restriction":["a:8:{s:26:\"_um_custom_access_settings\";b:0;s:14:\"_um_accessible\";i:0;s:28:\"_um_access_hide_from_queries\";b:0;s:19:\"_um_noaccess_action\";i:0;s:30:\"_um_restrict_by_custom_message\";i:0;s:27:\"_um_restrict_custom_message\";s:0:\"\";s:19:\"_um_access_redirect\";i:0;s:23:\"_um_access_redirect_url\";s:0:\"\";}"],"event_date_gq":[""],"jupiterx_reading_time":["1 minute"],"_wpml_media_has_media":["1"],"9810_202506201700":["0"],"_elementor_page_assets":["a:0:{}"],"event_feature_image":"https:\/\/vivace-freiburg.org\/wp-content\/uploads\/vivace-cerca-vivaci-2-scaled.jpg"},"_links":{"self":[{"href":"https:\/\/vivace-freiburg.org\/de\/wp-json\/wp\/v2\/mep_events\/9810","targetHints":{"allow":["GET"]}}],"collection":[{"href":"https:\/\/vivace-freiburg.org\/de\/wp-json\/wp\/v2\/mep_events"}],"about":[{"href":"https:\/\/vivace-freiburg.org\/de\/wp-json\/wp\/v2\/types\/mep_events"}],"author":[{"embeddable":true,"href":"https:\/\/vivace-freiburg.org\/de\/wp-json\/wp\/v2\/users\/12"}],"version-history":[{"count":0,"href":"https:\/\/vivace-freiburg.org\/de\/wp-json\/wp\/v2\/mep_events\/9810\/revisions"}],"wp:featuredmedia":[{"embeddable":true,"href":"https:\/\/vivace-freiburg.org\/de\/wp-json\/wp\/v2\/media\/9783"}],"wp:attachment":[{"href":"https:\/\/vivace-freiburg.org\/de\/wp-json\/wp\/v2\/media?parent=9810"}],"wp:term":[{"taxonomy":"product_cat","embeddable":true,"href":"https:\/\/vivace-freiburg.org\/de\/wp-json\/wp\/v2\/product_cat?post=9810"},{"taxonomy":"mep_cat","embeddable":true,"href":"https:\/\/vivace-freiburg.org\/de\/wp-json\/wp\/v2\/mep_cat?post=9810"},{"taxonomy":"mep_org","embeddable":true,"href":"https:\/\/vivace-freiburg.org\/de\/wp-json\/wp\/v2\/mep_org?post=9810"},{"taxonomy":"mep_tag","embeddable":true,"href":"https:\/\/vivace-freiburg.org\/de\/wp-json\/wp\/v2\/mep_tag?post=9810"}],"curies":[{"name":"wp","href":"https:\/\/api.w.org\/{rel}","templated":true}]}}

<p>VIVACE SUCHT VIVACI</p>
<p>🎉 Haben Sie Energie, Ideen und Liebe für Italien? Dann brauchen wir Sie.</p>
<p>📣 Vivace sucht&#8230; temperamentvolle&#8230;<br />
&#8230;neugierige, begeisterte, brillante Menschen. Menschen wie Sie.<br />
Gemeinsam fördern wir die italienische Sprache und Kultur im Herzen Südbadens &#8211; mit Veranstaltungen, Filmen, Büchern, Lesungen, Begegnungen, Gesprächen, Staunen.</p>
<p>✨ Wir suchen ehrenamtliche Helfer für:<br />
📚 Bibliothek<br />
🎬 Filmvorführungen und Lesungen<br />
🎭 Animation und Kultur<br />
🎟 Veranstaltungsorganisation<br />
🌍 Alles was mit Italien zu tun hat, in Freiburg und Umgebung</p>
<p>📌 Sie brauchen keine Superkräfte, alles was Sie brauchen, ist Leidenschaft und ein bisschen Zeit.</p>
<p>💌 Schreiben Sie uns, sagen Sie uns, wer Sie sind und werden Sie Teil des temperamentvollsten Teams, das es gibt.</p>

<p>VIVACE SUCHT VIVACI 🎉 Haben Sie Energie, Ideen und Liebe für Italien? Dann brauchen wir Sie. 📣 Vivace sucht&#8230; temperamentvolle&#8230; &#8230;neugierige, begeisterte, brillante Menschen. Menschen wie Sie. Gemeinsam fördern wir die italienische Sprache und Kultur im Herzen Südbadens &#8211; mit Veranstaltungen, Filmen, Büchern, Lesungen, Begegnungen, Gesprächen, Staunen. ✨ Wir suchen ehrenamtliche Helfer für: 📚 Bibliothek [&hellip;]</p>

Wallstraße 15

Wallstraße 15, Freiburg im Breisgau, Deutschland
